NOAA Reports/Αναφορές NOAA

Select a Year or Month report

Report for 2017 12
                   MONTHLY CLIMATOLOGICAL SUMMARY for DEC. 2017

NAME: Episkopi Weather Station   CITY: Episkopi   STATE: Greece 
ELEV:   340 m  LAT:  35 15' 27" N  LONG:  25 14' 15" E

                   TEMPERATURE (C), RAIN  (mm), WIND SPEED (km/hr)

                                      HEAT  COOL        AVG
    MEAN                              DEG   DEG         WIND                 DOM
DAY TEMP  HIGH   TIME   LOW    TIME   DAYS  DAYS  RAIN  SPEED HIGH   TIME    DIR
------------------------------------------------------------------------------------
 1  15.5  18.0   11:50  13.6    1:00   2.8   0.0   0.0  23.8  67.6   22:20    SE
 2  16.6  18.1   14:00  15.7   23:20   1.8   0.0   0.0  31.9  72.4   14:30    SE
 3  16.4  19.9   12:40  14.3   23:50   2.1   0.2   0.0  18.5  57.9    0:50    SE
 4  15.5  20.0   14:20  13.3   00:00   2.9   0.1   0.0   5.0  25.7    1:00    SE
 5  10.8  13.7   10:30   6.8   23:50   7.4   0.0  16.6   5.8  37.0   10:40   WNW
 6   7.4   8.8   23:00   5.7    4:10  10.9   0.0   6.0  11.7  51.5    4:00    NW
 7   9.6  12.2   14:30   7.5    4:10   8.7   0.0   0.0   4.0  29.0    0:30    NW
 8  11.6  16.2   14:40   8.9    6:30   6.8   0.0   0.0   4.5  25.7   10:40    SE
 9  12.4  15.8   13:40   9.8    4:30   5.9   0.0   0.0   9.8  37.0   12:00    SE
10  12.9  15.8   15:30  11.4    7:20   5.3   0.0   0.0  10.3  40.2    9:50    SE
11  12.4  14.4   11:10  10.1    7:20   5.9   0.0   0.0   4.0  20.9   11:40    SE
12  13.4  16.3   12:40  11.4    2:50   4.9   0.0   0.0   2.6  12.9    1:50    SE
13  13.7  16.9   12:10  11.4   22:10   4.6   0.0   0.0   3.7  24.1   14:30   WNW
14  13.6  18.5   14:40  10.4    7:40   4.7   0.0   0.0   5.5  24.1   13:40    SE
15  13.6  17.5   13:30  11.2    4:00   4.7   0.0   0.0   6.3  30.6   23:40    SE
16  14.7  17.9   13:00  12.5    4:50   3.0   0.0   0.0  18.0  57.9   18:20    SE
17
18
19
20
21
22
23
24
25
26
27
28
29
30
31
-------------------------------------------------------------------------------------
    13.1  20.0     4     5.7     6    82.3   0.3  22.6  10.3  72.4     2      SE

Max >=  32.0:  0
Max <=   0.0:  0
Min <=   0.0:  0
Min <= -18.0:  0
Max Rain: 16.61 ON 05/12/17
Days of Rain: 2 (> .2 mm) 2 (> 2 mm) 0 (> 20 mm)
Heat Base:  18.3  Cool Base:  18.3  Method: Integration