NOAA Reports/Αναφορές NOAA

Select a Year or Month report
2018 > Jan Feb Mar Apr May Jun Jul Aug Sep Oct Nov Dec
2017 > Jan Feb Mar Apr May Jun Jul Aug Sep Oct Nov Dec
2016 > Jan Feb Mar Apr May Jun Jul Aug Sep Oct Nov Dec

Report for 2018 02
                   MONTHLY CLIMATOLOGICAL SUMMARY for FEB. 2018

NAME: Episkopi Weather Station   CITY: Episkopi   STATE: Greece 
ELEV:   340 m  LAT:  35 15' 27" N  LONG:  25 14' 15" E

                   TEMPERATURE (C), RAIN  (mm), WIND SPEED (km/hr)

                                      HEAT  COOL        AVG
    MEAN                              DEG   DEG         WIND                 DOM
DAY TEMP  HIGH   TIME   LOW    TIME   DAYS  DAYS  RAIN  SPEED HIGH   TIME    DIR
------------------------------------------------------------------------------------
 1  10.6  13.7   13:50   7.6    6:40   7.7   0.0   0.0   4.5  27.4   23:00    SE
 2  12.2  15.2   14:10  10.6    5:10   6.1   0.0   0.0  12.2  51.5   23:50    SE
 3  12.7  15.6   13:00  11.2    1:00   5.6   0.0   0.0  25.3  70.8   13:40    SE
 4  14.1  16.4   12:20  12.1    1:10   4.2   0.0   0.0  23.3  67.6    2:00    SE
 5  12.6  15.1   13:10  10.5   23:00   5.7   0.0   0.0   3.7  20.9   14:40    NW
 6  11.3  13.9   13:00   9.3    6:40   7.0   0.0   0.0   2.4  17.7   15:20    NE
 7  15.8  20.8   19:20   9.6    1:30   2.7   0.2   0.6  21.9  70.8   18:30    SE
 8  13.6  17.3    0:10  10.1   23:50   4.7   0.0   0.0   9.3  62.8    2:00    SE
 9  11.6  13.3   10:50  10.1    2:00   6.7   0.0   0.0   1.0  14.5    5:00   ENE
10  13.9  19.6   12:00  10.6    2:20   4.4   0.0   0.0  17.2  69.2   21:20    SE
11  12.7  16.3   12:00   9.7   00:00   5.6   0.0   0.0   8.4  64.4    0:10    SE
12   9.9  13.8   11:00   7.7   18:20   8.4   0.0   7.0   3.2  17.7   15:10    SE
13  10.9  15.0   13:00   7.7    1:00   7.4   0.0   0.0   6.9  40.2   21:40    SE
14  11.3  14.9   11:30   8.8   21:50   7.0   0.0   0.4   8.5  53.1    1:40    SE
15   8.6  11.6    9:50   6.5   16:50   9.8   0.0  14.8  13.5  56.3   10:20    SE
16   8.6  11.5   13:30   6.4    0:40   9.7   0.0  25.2   5.8  37.0   21:30    NW
17  10.1  11.2   15:10   9.1    4:20   8.2   0.0   0.0  12.1  35.4    4:10    NW
18  10.7  13.6   14:10   9.1    6:10   7.6   0.0   0.0   3.9  20.9    1:50    NW
19  11.0  14.3   13:40   9.1    0:10   7.3   0.0   0.0   1.8  16.1   00:00    NW
20  10.8  12.9   10:50   9.8    0:50   3.6   0.0   1.6  11.3  29.0    8:20    SE
21
22
23
24
25
26
27
28
-------------------------------------------------------------------------------------
    11.6  20.8     7     6.4    16   129.3   0.2  49.6   9.8  70.8     3      SE

Max >=  32.0:  0
Max <=   0.0:  0
Min <=   0.0:  0
Min <= -18.0:  0
Max Rain: 25.20 ON 16/02/18
Days of Rain: 6 (> .2 mm) 3 (> 2 mm) 1 (> 20 mm)
Heat Base:  18.3  Cool Base:  18.3  Method: Integration