NOAA Reports/Αναφορές NOAA

Select a Year or Month report
2018 > Jan Feb Mar Apr May Jun Jul Aug Sep Oct Nov Dec
2017 > Jan Feb Mar Apr May Jun Jul Aug Sep Oct Nov Dec
2016 > Jan Feb Mar Apr May Jun Jul Aug Sep Oct Nov Dec

Report for 2018 06
                   MONTHLY CLIMATOLOGICAL SUMMARY for MAY. 2018

NAME: Episkopi Weather Station   CITY: Episkopi   STATE: Greece 
ELEV:   340 m  LAT:  35 15' 27" N  LONG:  25 14' 15" E

                   TEMPERATURE (C), RAIN  (mm), WIND SPEED (km/hr)

                                      HEAT  COOL        AVG
    MEAN                              DEG   DEG         WIND                 DOM
DAY TEMP  HIGH   TIME   LOW    TIME   DAYS  DAYS  RAIN  SPEED HIGH   TIME    DIR
------------------------------------------------------------------------------------
 1  19.9  25.0   16:20  15.6    6:40   0.7   2.3   0.0   2.4  19.3   12:40    NW
 2  22.4  28.1   14:10  16.3    5:30   0.3   4.4   0.0   4.0  22.5   19:30    NE
 3  24.5  30.7   11:30  19.3   23:40   0.0   6.2   0.0  11.7  46.7   12:40    SE
 4  17.9  20.6   16:00  15.3   23:50   0.9   0.5   0.0   5.8  25.7   15:50    NW
 5  18.4  23.1   16:40  14.8    2:30   1.2   1.4   0.0   5.1  32.2   12:00    NW
 6  17.9  21.1   12:00  15.2    1:10   1.1   0.7   0.0   4.3  25.7   16:20    NW
 7  15.5  16.7   18:10  13.8   11:50   2.8   0.0  22.6   7.7  41.8   16:10   WNW
 8  17.3  20.5   14:50  15.2    4:30   1.4   0.5   0.2   8.5  35.4    8:50   WNW
 9  19.3  24.7   12:30  15.6    1:20   0.7   1.7   0.0   4.8  27.4   10:50    SE
10  19.7  25.4   13:20  16.2   00:00   0.4   1.8   0.0   3.7  20.9   13:50    NW
11  17.8  20.4   13:20  14.8    2:50   1.2   0.7   0.0   8.5  33.8   14:10    NW
12  16.9  18.8   12:20  15.1   00:00   1.4   0.0   0.0  11.6  43.5   15:10    NW
13  17.8  21.3   17:00  14.9    5:50   1.2   0.8   0.0   8.4  37.0    2:50    NW
14  19.9  24.2   15:40  15.7    2:10   0.5   2.0   0.0   3.7  22.5   13:30    NW
15  23.5  28.4   18:00  18.6    0:20   0.0   5.2   0.0   4.0  20.9   12:40    SE
16  25.1  31.7   14:40  20.4   20:40   0.0   6.8   0.0   3.2  24.1   14:10    NE
17  25.1  30.6   10:50  20.3   23:00   0.0   6.8   0.0   3.2  22.5   12:00    NW
18  24.6  31.6   12:30  19.7    1:10   0.0   6.3   0.0   3.2  22.5   13:40    NE
19  27.4  32.3   17:50  23.2   23:50   0.0   9.1   0.0  11.1  38.6   12:00    SE
20  23.4  28.3   16:10  19.9    7:50   0.0   5.1   0.0   4.3  22.5    1:40    NE
21  21.6  26.6   12:00  17.7    6:10   0.0   3.3   0.0   3.4  25.7   22:10    NE
22  20.3  23.6   18:20  18.2    5:00   0.0   2.0   0.0   2.9  17.7   10:10    NW
23  22.9  28.7   15:10  17.6    6:10   0.1   4.7   0.0   4.2  27.4   23:50    NE
24  20.9  24.9    0:10  17.9   23:30   0.0   2.6   0.0   6.6  32.2   16:20    NW
25  19.8  23.2   14:50  16.7    5:10   0.3   1.8   0.0   7.7  32.2   13:40    NW
26  19.3  21.4   13:50  18.1    2:20   0.0   0.7   0.0  12.7  40.2    8:30   WNW
27
28
29
30
31
-------------------------------------------------------------------------------------
    20.7  32.3    19    13.8     7    14.4  77.4  22.8   6.0  46.7     3      NW

Max >=  32.0:  1
Max <=   0.0:  0
Min <=   0.0:  0
Min <= -18.0:  0
Max Rain: 22.61 ON 07/05/18
Days of Rain: 2 (> .2 mm) 1 (> 2 mm) 1 (> 20 mm)
Heat Base:  18.3  Cool Base:  18.3  Method: Integration