NOAA Reports/Αναφορές NOAA

Select a Year or Month report
2017 > Jan Feb Mar Apr May Jun Jul Aug Sep Oct Nov Dec
2016 > Jan Feb Mar Apr May Jun Jul Aug Sep Oct Nov Dec

Report for 2017 10
                   MONTHLY CLIMATOLOGICAL SUMMARY for OCT. 2017

NAME: Episkopi Weather Station   CITY: Episkopi   STATE: Greece 
ELEV:   340 m  LAT:  35 15' 27" N  LONG:  25 14' 15" E

                   TEMPERATURE (C), RAIN  (mm), WIND SPEED (km/hr)

                                      HEAT  COOL        AVG
    MEAN                              DEG   DEG         WIND                 DOM
DAY TEMP  HIGH   TIME   LOW    TIME   DAYS  DAYS  RAIN  SPEED HIGH   TIME    DIR
------------------------------------------------------------------------------------
 1  17.2  20.0   13:50  15.4    7:00   1.2   0.2   0.0   4.0  20.9   13:00    NW
 2  17.5  19.8   12:50  15.9    3:00   1.0   0.2   0.0   9.2  29.0   13:10    NW
 3  16.9  18.9   14:10  15.7   22:10   1.4   0.0   0.0  10.1  37.0   13:00    NW
 4  17.1  19.8   13:30  14.9    5:20   1.5   0.3   0.0   7.6  37.0   14:20    NW
 5  18.3  22.0   14:40  15.4    3:10   0.9   0.9   0.0   6.4  30.6   11:50    NW
 6  21.4  25.5   15:50  17.6    0:20   0.0   3.1   0.0   6.0  27.4   10:50    SE
 7  21.2  24.9   15:30  18.8    5:20   0.0   2.9   0.0   4.8  20.9    0:20    SE
 8  17.4  20.4   13:00  14.8   23:10   1.2   0.4   0.4   8.2  37.0   12:20   WNW
 9  16.6  19.8   15:20  14.3    5:00   1.9   0.2   0.0   2.9  25.7   13:50    NW
10  16.9  20.2   15:00  15.1    3:00   1.7   0.3   0.0   3.9  22.5   13:20    NW
11  17.0  20.3   14:50  14.9    4:40   1.6   0.3   0.0   6.3  29.0   11:10    NW
12  17.3  19.9   14:30  15.5    0:30   1.2   0.2   0.0  10.8  33.8   12:40    NW
13  17.2  20.5   13:50  15.2    3:20   1.5   0.4   0.0   7.4  32.2   17:40    NW
14  17.8  20.6   13:20  15.6    6:10   1.0   0.4   0.0  11.7  35.4   17:00    NW
15  16.9  18.9   13:10  15.7   22:50   1.4   0.0   0.0  13.7  38.6    3:20    NW
16  17.7  20.4   15:50  15.5    3:00   1.0   0.4   0.0  12.7  40.2   13:10    NW
17  17.4  19.4   14:20  15.5   22:10   1.0   0.1   0.0  10.0  30.6   12:10    NW
18  17.4  21.6   13:30  14.7    7:30   1.6   0.7   0.0   1.4  16.1   13:40    NW
19  17.9  21.9   13:30  15.3    3:40   1.2   0.8   0.2   1.6  17.7   14:40    NW
20  18.7  22.7   15:20  16.0    7:40   0.7   1.2   0.0   1.6  17.7   15:30    NW
21  18.8  23.1   13:40  15.8    4:40   0.6   1.1   0.2   1.9  17.7   14:10    NW
22  18.6  22.4   12:20  16.0    6:40   0.8   1.1   0.4   2.1  19.3   13:40    NW
23  18.2  21.9   10:40  16.8    7:00   0.2   0.2   0.0   6.6  20.9    8:40    SE
24
25
26
27
28
29
30
31
-------------------------------------------------------------------------------------
    17.9  25.5     6    14.3     9    24.8  15.4   1.2   6.6  40.2    16      NW

Max >=  32.0:  0
Max <=   0.0:  0
Min <=   0.0:  0
Min <= -18.0:  0
Max Rain: 0.41 ON 08/10/17
Days of Rain: 4 (> .2 mm) 0 (> 2 mm) 0 (> 20 mm)
Heat Base:  18.3  Cool Base:  18.3  Method: Integration