NOAA Reports/Αναφορές NOAA

Select a Year or Month report
2017 > Jan Feb Mar Apr May Jun Jul Aug Sep Oct Nov Dec
2016 > Jan Feb Mar Apr May Jun Jul Aug Sep Oct Nov Dec

Report for 2017 06
                   MONTHLY CLIMATOLOGICAL SUMMARY for JUN. 2017

NAME: Episkopi Weather Station   CITY: Episkopi   STATE: Greece 
ELEV:   340 m  LAT:  35 15' 27" N  LONG:  25 14' 15" E

                   TEMPERATURE (C), RAIN  (mm), WIND SPEED (km/hr)

                                      HEAT  COOL        AVG
    MEAN                              DEG   DEG         WIND                 DOM
DAY TEMP  HIGH   TIME   LOW    TIME   DAYS  DAYS  RAIN  SPEED HIGH   TIME    DIR
------------------------------------------------------------------------------------
 1  22.8  27.1   13:50  18.6    0:10   0.0   4.5   0.0   3.9  20.9   15:40    NW
 2  24.6  29.7   13:40  20.3    0:20   0.0   6.3   0.0   2.6  17.7   14:40    NE
 3  23.7  28.6   15:00  19.2   23:40   0.0   5.4   0.0   1.6  16.1   16:30    NE
 4  22.6  27.1   11:00  18.6   23:50   0.0   4.3   0.0   2.3  20.9   12:40    NW
 5  20.8  24.3   14:20  17.1    5:50   0.1   2.7   0.0   3.2  22.5   13:40    NW
 6  21.7  25.7   13:30  17.7    5:30   0.0   3.4   0.0   2.4  19.3   14:10    NE
 7  23.1  29.9   13:30  18.7    4:50   0.0   4.7   0.6   4.3  56.3   00:00   ESE
 8  21.3  24.2    3:50  18.6   23:30   0.0   3.0   0.6   5.3  43.5    0:10   WNW
 9  21.7  25.1   15:20  18.2    1:10   0.0   3.4   0.0   5.0  20.9   10:20    NW
10  22.0  26.3   17:30  18.2    5:00   0.0   3.7   0.0   2.6  19.3   13:50    NE
11  21.6  25.1   14:50  17.9    6:10   0.0   3.3   0.0   3.5  22.5   16:40    NW
12  19.4  21.7   16:30  17.6    6:20   0.1   1.2   0.0   7.9  29.0   12:00   WNW
13  20.3  23.4   16:50  17.4    3:10   0.2   2.2   0.0   8.7  35.4   15:50   WNW
14  23.1  26.6   15:30  18.4    0:10   0.0   4.8   0.0   4.8  25.7   13:20    NW
15  26.2  31.2   14:30  20.8   22:20   0.0   7.9   0.0   2.7  19.3   15:50    NW
16  24.8  28.6   14:10  21.0   23:30   0.0   6.5   0.0   2.7  17.7   12:00   WNW
17  23.8  28.5   11:50  20.2    2:00   0.0   5.5   0.0   3.2  22.5   16:20    NW
18  21.8  26.8   12:20  19.2   23:20   0.0   3.5   0.0   4.0  20.9   13:20    NE
19  19.4  22.0   13:50  16.8    6:30   0.2   1.3   0.2   9.3  29.0   12:30   WNW
20  19.8  22.0   17:30  17.8    6:10   0.0   1.6   0.0  14.6  41.8   13:10   WNW
21  21.8  24.9   15:20  18.9    4:50   0.0   3.5   0.0  11.3  40.2   10:00   WNW
22  23.1  26.1   17:40  19.2    6:10   0.0   4.7   0.0   4.7  24.1   14:20    NW
23  25.5  29.6   14:40  21.3    6:00   0.0   7.2   0.0   3.9  22.5   13:20    NW
24  27.3  32.2   14:10  22.6   23:50   0.0   9.0   0.0   3.2  22.5   13:30   WNW
25  26.3  29.5   15:10  22.6    0:10   0.0   8.0   0.0   4.3  24.1   14:40    NW
26  27.3  32.1   15:10  23.1    5:50   0.0   9.0   0.0   3.7  20.9   13:30    NW
27  27.2  30.7   15:30  22.8   00:00   0.0   8.9   0.0   2.7  20.9   14:20    NW
28  26.3  30.9   11:30  22.7    0:10   0.0   3.9   0.0   1.6  14.5   11:20    NW
29
30
-------------------------------------------------------------------------------------
    23.2  32.2    24    16.8    19     0.6 133.5   1.4   4.6  56.3     7     WNW

Max >=  32.0:  2
Max <=   0.0:  0
Min <=   0.0:  0
Min <= -18.0:  0
Max Rain: 0.61 ON 07/06/17
Days of Rain: 3 (> .2 mm) 0 (> 2 mm) 0 (> 20 mm)
Heat Base:  18.3  Cool Base:  18.3  Method: Integration