NOAA Reports/Αναφορές NOAA

Select a Year or Month report
2017 > Jan Feb Mar Apr May Jun Jul Aug Sep Oct Nov Dec
2016 > Jan Feb Mar Apr May Jun Jul Aug Sep Oct Nov Dec

Report for 2016 Apr
                   MONTHLY CLIMATOLOGICAL SUMMARY for APR. 2016

NAME: Episkopi Weather Station   CITY: Episkopi   STATE: Greece 
ELEV:   340 m  LAT:  35 15' 27" N  LONG:  25 14' 15" E

                   TEMPERATURE (C), RAIN  (mm), WIND SPEED (km/hr)

                                      HEAT  COOL        AVG
    MEAN                              DEG   DEG         WIND                 DOM
DAY TEMP  HIGH   TIME   LOW    TIME   DAYS  DAYS  RAIN  SPEED HIGH   TIME    DIR
------------------------------------------------------------------------------------
 1
 2
 3
 4
 5
 6
 7
 8
 9
10
11
12
13
14
15
16
17  23.4  26.6   14:00  20.8   20:40   0.0   2.3   0.0   3.2  16.1   14:10   NNE
18  23.0  26.0    8:20  19.6   23:50   0.0   4.7   0.0   2.4  17.7   15:00   WNW
19  22.7  27.4   13:00  18.0    4:30   0.0   4.4   0.0   3.5  27.4   23:30   ESE
20  22.2  27.0   15:10  18.3    4:00   0.0   3.9   0.0  19.0  49.9   13:50   ESE
21  16.4  19.7    0:10  12.3   00:00   1.9   0.1   0.0   9.7  38.6   15:20   WNW
22  14.7  19.2   15:20  11.6    4:20   3.7   0.0   0.0   5.6  25.7   10:20   WNW
23  17.4  23.5   13:20  12.6    2:50   1.8   0.9   0.0   5.6  37.0   10:20   ESE
24  18.1  22.9   11:10  13.8    6:50   1.3   1.1   0.0   5.8  33.8    0:30   ESE
25  17.6  23.8   14:30  13.6    6:30   1.9   1.2   0.0   8.0  40.2   19:10   ESE
26  14.8  17.9   13:00  11.3   23:50   3.5   0.0   0.0  10.9  49.9   15:40   WNW
27  14.4  18.7   14:50  10.1    5:40   3.9   0.0   0.0   4.8  25.7   12:00   WNW
28  18.2  23.9   15:50  12.1    1:20   1.6   1.5   0.0   3.2  20.9   11:40   WNW
29  21.7  26.9   12:30  17.3    5:00   0.1   3.5   0.0  14.8  49.9   18:50   ESE
30  19.7  24.2   11:30  14.3   23:30   0.7   2.1   0.0  15.3  67.6    3:20   WNW
-------------------------------------------------------------------------------------
    18.9  27.4    19    10.1    27    20.6  25.7   0.0   8.0  67.6    30     WNW

Max >=  32.0:  0
Max <=   0.0:  0
Min <=   0.0:  0
Min <= -18.0:  0
Max Rain: 0.00 ON 01/04/16
Days of Rain: 0 (> .2 mm) 0 (> 2 mm) 0 (> 20 mm)
Heat Base:  18.3  Cool Base:  18.3  Method: Integration