NOAA Reports/Αναφορές NOAA

Select a Year or Month report
2017 > Jan Feb Mar Apr May Jun Jul Aug Sep Oct Nov Dec
2016 > Jan Feb Mar Apr May Jun Jul Aug Sep Oct Nov Dec

Report for 2016 May
                   MONTHLY CLIMATOLOGICAL SUMMARY for MAY. 2016

NAME: Episkopi Weather Station   CITY: Episkopi   STATE: Greece 
ELEV:   340 m  LAT:  35 15' 27" N  LONG:  25 14' 15" E

                   TEMPERATURE (C), RAIN  (mm), WIND SPEED (km/hr)

                                      HEAT  COOL        AVG
    MEAN                              DEG   DEG         WIND                 DOM
DAY TEMP  HIGH   TIME   LOW    TIME   DAYS  DAYS  RAIN  SPEED HIGH   TIME    DIR
------------------------------------------------------------------------------------
 1  16.3  20.0   12:40  13.2    6:40   2.2   0.2   0.0   5.1  25.7   13:30   WNW
 2  17.8  23.8   17:20  14.8   10:30   1.2   0.7   0.6  11.3  46.7   17:40   ESE
 3  16.3  20.0   12:50  13.1   22:30   2.2   0.1   0.8   9.2  43.5   19:10   SSW
 4  15.7  20.3   18:00  12.3   00:00   2.8   0.2   0.6   8.4  37.0   10:40     W
 5  14.0  17.9   12:00  11.8    0:40   4.3   0.0   0.0   8.5  33.8   12:40   WNW
 6  14.8  18.4   12:10  11.4    6:00   3.5   0.0   0.0   7.9  32.2   15:40   WNW
 7  15.3  19.1   13:20  12.3    6:40   3.0   0.0   0.0   4.5  22.5   13:20   WNW
 8  16.5  20.8   12:50  13.1    4:30   2.1   0.3   0.6   8.2  40.2   12:50   ESE
 9  16.7  20.6   15:00  13.7    6:40   1.9   0.4   0.0   4.0  25.7   15:20   WNW
10  17.4  21.4   14:00  13.6    5:20   1.8   0.9   0.0   4.5  24.1   12:30   WNW
11  21.1  26.6   13:10  16.0    3:20   0.5   3.3   0.8   4.0  32.2   23:00    NE
12  24.8  31.3   13:50  18.8    1:50   0.0   6.5   1.4  13.2  41.8    9:10   ESE
13  25.3  31.7   12:30  20.7   20:00   0.0   7.0   0.6  11.9  48.3    1:10   ESE
14  22.2  27.7   17:30  18.9    5:50   0.0   3.9   0.0   6.1  37.0   18:20   WNW
15  19.7  23.8   13:30  16.2   23:30   0.3   1.6  10.4   5.0  43.5   11:00   ESE
16  18.5  21.2   18:00  15.2    5:40   0.7   0.9   0.0   4.5  27.4   17:50   WNW
17  17.6  20.7   12:30  14.7    4:30   1.3   0.6   0.0   6.9  35.4   15:30   WNW
18  17.9  21.2   13:20  14.8   00:00   1.2   0.8   0.0   7.7  41.8   13:40   WNW
19  17.8  22.7   14:10  13.7    5:00   1.7   1.1   0.2   3.2  22.5   15:20    NE
20  21.3  28.4   13:50  16.3    0:10   0.4   3.4   0.0   4.5  25.7   16:00   ESE
21  20.4  24.4   14:30  14.7   23:50   0.4   2.5   0.2  17.5  72.4    4:50   ESE
22  16.5  20.5   12:40  13.4    6:20   2.1   0.3   0.6  12.9  41.8   14:50   WNW
23  17.7  21.6   15:40  14.8    4:20   1.4   0.8   0.0  14.2  48.3   14:00   WNW
24  20.8  26.0   11:40  15.6    0:10   0.4   2.9   0.0   6.0  30.6   22:40   ESE
25  18.7  24.5   12:20  15.8    3:10   0.9   1.2   0.0  10.3  32.2    3:20   WNW
26  19.3  22.8   12:40  14.9    2:00   0.8   1.7   0.0   5.8  32.2   13:40   WNW
27  20.6  24.1   15:20  17.0    6:30   0.0   2.4   0.0   5.0  29.0   11:20   WNW
28  20.1  23.6   14:00  16.3    5:30   0.3   2.1   0.0   6.8  29.0   15:50   WNW
29  22.8  28.3   15:40  17.2    4:30   0.1   4.6   0.0   3.9  29.0   23:00    NE
30  26.2  32.6   16:10  21.3    6:20   0.0   7.9   0.0  13.4  38.6   16:30   ESE
31  27.1  31.6   16:30  23.2    5:40   0.0   8.7   0.0  10.9  46.7    3:30   WNW
-------------------------------------------------------------------------------------
    19.3  32.6    30    11.4     6    37.6  67.3  16.8   7.9  72.4    21     WNW

Max >=  32.0:  1
Max <=   0.0:  0
Min <=   0.0:  0
Min <= -18.0:  0
Max Rain: 10.39 ON 15/05/16
Days of Rain: 11 (> .2 mm) 1 (> 2 mm) 0 (> 20 mm)
Heat Base:  18.3  Cool Base:  18.3  Method: Integration