NOAA Reports/Αναφορές NOAA

Select a Year or Month report
2017 > Jan Feb Mar Apr May Jun Jul Aug Sep Oct Nov Dec
2016 > Jan Feb Mar Apr May Jun Jul Aug Sep Oct Nov Dec

Report for 2016 Jun
                   MONTHLY CLIMATOLOGICAL SUMMARY for JUN. 2016

NAME: Episkopi Weather Station   CITY: Episkopi   STATE: Greece 
ELEV:   340 m  LAT:  35 15' 27" N  LONG:  25 14' 15" E

                   TEMPERATURE (C), RAIN  (mm), WIND SPEED (km/hr)

                                      HEAT  COOL        AVG
    MEAN                              DEG   DEG         WIND                 DOM
DAY TEMP  HIGH   TIME   LOW    TIME   DAYS  DAYS  RAIN  SPEED HIGH   TIME    DIR
------------------------------------------------------------------------------------
 1  28.8  33.4   13:30  24.8    6:50   0.0  10.5   0.0   3.1  16.1   12:40    NE
 2  26.9  33.6   16:50  21.8   22:20   0.0   8.6   0.0   6.4  30.6    5:50   WNW
 3  24.7  28.3    9:50  19.7   23:00   0.0   6.4   0.0   4.8  20.9   19:00   WNW
 4  21.7  26.5   10:30  18.2    5:50   0.0   3.4   0.0   5.3  30.6   14:20   WNW
 5  21.9  25.9   13:50  18.2    5:50   0.0   3.6   0.0   5.0  22.5   14:10   WNW
 6  23.2  27.3   10:50  17.9    6:20   0.0   4.9   0.0   6.4  33.8    3:30   WNW
 7  23.1  26.8   14:50  19.1   00:00   0.0   4.8   0.0   4.5  22.5   14:40   NNE
 8  19.1  21.4   12:10  16.8   23:20   0.2   1.0   0.0  13.2  41.8   17:00   WNW
 9  18.3  20.9   14:20  16.3    2:40   0.7   0.7   0.0  13.2  48.3   10:50   WNW
10  19.6  23.4   15:20  15.9    4:10   0.6   1.9   0.0   3.9  24.1   13:40   WNW
11  21.6  24.7   12:00  18.1    5:50   0.0   3.3   0.0   3.2  22.5   11:40   NNE
12  22.8  27.1   12:10  18.2    3:50   0.0   4.5   0.0   3.7  22.5   12:30   WNW
13  23.3  29.5   13:00  18.7    6:20   0.0   5.0   0.0  15.0  48.3   00:00   ESE
14  23.5  27.1   11:50  19.1   00:00   0.0   5.2   0.0  15.8  67.6    2:10   WNW
15  22.3  25.8   14:30  17.8    5:50   0.0   4.0   0.0   7.7  35.4   14:40   WNW
16  24.4  28.3   17:20  21.3    6:10   0.0   6.1   0.0   5.8  27.4   13:20   WNW
17  25.3  29.9   13:00  21.2    5:10   0.0   7.0   0.0   6.0  24.1   16:00   WNW
18  27.6  31.1   15:40  23.2    6:40   0.0   9.3   0.0   6.1  25.7   14:10   WNW
19  30.4  36.2   13:40  27.4   23:30   0.0  12.2   0.0   3.5  20.9   14:00   WNW
20  29.2  33.9   12:50  23.7    6:40   0.0  10.9   0.0   4.8  20.9    3:30   WNW
21  27.6  31.1   14:30  24.4   23:50   0.0   9.3   0.0   5.1  25.7   15:00   WNW
22  25.9  29.1   11:30  22.3    4:40   0.0   7.6   0.0   9.5  38.6   14:40   WNW
23  25.7  28.6   15:20  22.7   23:10   0.0   7.4   0.0  11.6  40.2   11:10   WNW
24  25.5  27.9   15:20  22.7    2:40   0.0   7.2   0.0   5.3  27.4   12:00   WNW
25  25.7  30.9   11:00  19.8   23:50   0.0   7.3   0.0   4.8  25.7   22:30   WNW
26  22.9  27.7   12:10  18.9    6:20   0.0   4.6   0.0   6.9  27.4    9:00   ESE
27  24.2  27.8   17:10  21.3    4:20   0.0   5.9   0.0   6.9  30.6   12:20   WNW
28  27.1  31.4   10:50  24.2    0:10   0.0   8.8   0.0   4.7  32.2   14:10   WNW
29  23.8  26.3    1:00  21.1   00:00   0.0   5.5   0.0   6.9  29.0   16:40   WNW
30  23.5  27.2   14:10  19.9    6:10   0.0   5.2   0.0   7.9  32.2   15:30   WNW
-------------------------------------------------------------------------------------
    24.3  36.2    19    15.9    10     1.5 182.2   0.0   6.9  67.6    14     WNW

Max >=  32.0:  4
Max <=   0.0:  0
Min <=   0.0:  0
Min <= -18.0:  0
Max Rain: 0.00 ON 01/06/16
Days of Rain: 0 (> .2 mm) 0 (> 2 mm) 0 (> 20 mm)
Heat Base:  18.3  Cool Base:  18.3  Method: Integration