NOAA Reports/Αναφορές NOAA

Select a Year or Month report
2017 > Jan Feb Mar Apr May Jun Jul Aug Sep Oct Nov Dec
2016 > Jan Feb Mar Apr May Jun Jul Aug Sep Oct Nov Dec

Report for 2016 Jul
                   MONTHLY CLIMATOLOGICAL SUMMARY for JUL. 2016

NAME: Episkopi Weather Station   CITY: Episkopi   STATE: Greece 
ELEV:   340 m  LAT:  35 15' 27" N  LONG:  25 14' 15" E

                   TEMPERATURE (C), RAIN  (mm), WIND SPEED (km/hr)

                                      HEAT  COOL        AVG
    MEAN                              DEG   DEG         WIND                 DOM
DAY TEMP  HIGH   TIME   LOW    TIME   DAYS  DAYS  RAIN  SPEED HIGH   TIME    DIR
------------------------------------------------------------------------------------
 1  24.7  28.6   14:00  21.0    2:30   0.0   6.4   0.0   7.4  29.0   10:20   WNW
 2  25.4  29.1   12:30  21.8    5:00   0.0   7.1   0.0   8.5  33.8   11:30   WNW
 3  25.6  28.6   11:10  22.7    1:00   0.0   7.2   0.0   8.0  30.6   16:10   WNW
 4  24.3  26.4   15:50  22.1    5:00   0.0   6.1   0.0  14.5  46.7   13:10   WNW
 5  24.1  26.5   14:40  22.4   23:00   0.0   5.8   0.0  15.4  45.1    9:50   WNW
 6  24.4  27.2   13:40  22.1    6:10   0.0   6.1   0.0  10.3  32.2   11:20   WNW
 7  24.3  27.6   13:50  22.1    3:00   0.0   6.0   0.0  10.1  40.2   15:20   WNW
 8  23.8  26.4   14:50  21.6   23:50   0.0   5.5   0.0  16.7  48.3    3:10   WNW
 9  23.2  25.8   14:10  20.7    6:10   0.0   4.8   0.0  13.2  40.2   11:40   WNW
10  23.6  26.8   14:20  20.3    6:10   0.0   5.3   0.0  10.8  35.4   13:30   WNW
11  23.8  26.6   15:20  20.9   00:00   0.0   5.5   0.0  12.1  38.6   11:30   WNW
12  22.7  26.3   16:00  20.3   00:00   0.0   4.4   0.0   7.1  32.2   10:10   WNW
13  23.4  27.6   15:20  19.6    3:10   0.0   5.2   0.2   4.2  24.1   13:40   WNW
14  25.8  30.9   14:20  20.4    5:00   0.0   7.5   0.0   4.2  27.4   14:40   WNW
15  28.7  34.1   14:40  23.6    2:30   0.0  10.4   0.0   3.5  20.9   13:50   WNW
16  26.4  28.8   14:50  22.1   00:00   0.0   8.1   0.0   5.8  30.6   16:30   WNW
17  23.4  26.7   13:10  20.2    5:00   0.0   5.2   0.0  11.3  37.0   15:20   WNW
18  23.3  26.5   16:40  19.8    5:30   0.0   5.1   0.0   9.2  37.0   13:00   WNW
19  23.1  25.4   12:30  21.2    2:30   0.0   4.8   0.0  16.9  56.3   15:20   WNW
20  23.0  25.6   16:10  21.3    2:10   0.0   4.7   0.0  14.6  43.5   15:50   WNW
21  22.7  25.2   16:00  20.8    5:20   0.0   4.4   0.0  14.5  45.1   13:30   WNW
22  23.8  27.7   14:50  20.2    5:50   0.0   5.5   0.0   7.4  30.6   14:30   WNW
23  24.3  27.6   13:50  20.8    4:10   0.0   6.0   0.0   6.4  27.4   14:30   WNW
24  25.7  29.3   16:20  22.1    0:20   0.0   7.4   0.0   9.7  38.6   16:30   WNW
25  25.0  27.7   14:20  22.6   00:00   0.0   6.7   0.0  11.9  43.5   16:10   WNW
26  24.3  27.1   15:20  22.1   23:10   0.0   6.0   0.0  10.0  37.0   11:40   WNW
27  24.1  27.5   14:10  21.2    3:30   0.0   5.8   0.0   9.0  33.8   14:30   WNW
28  24.4  27.7   12:20  21.8    0:10   0.0   6.1   0.0  10.9  40.2   13:20   WNW
29  24.9  28.2   14:40  22.2   00:00   0.0   6.6   0.0  10.1  38.6   16:00   WNW
30  25.5  28.3   16:10  21.9    1:20   0.0   7.2   0.0  14.0  45.1   12:30   WNW
31  25.6  27.6   15:00  23.1   21:30   0.0   7.3   0.0  13.4  40.2   10:30   WNW
-------------------------------------------------------------------------------------
    24.4  34.1    15    19.6    13     0.0 190.0   0.2  10.4  56.3    19     WNW

Max >=  32.0:  1
Max <=   0.0:  0
Min <=   0.0:  0
Min <= -18.0:  0
Max Rain: 0.20 ON 13/07/16
Days of Rain: 1 (> .2 mm) 0 (> 2 mm) 0 (> 20 mm)
Heat Base:  18.3  Cool Base:  18.3  Method: Integration