NOAA Reports/Αναφορές NOAA

Select a Year or Month report
2017 > Jan Feb Mar Apr May Jun Jul Aug Sep Oct Nov Dec
2016 > Jan Feb Mar Apr May Jun Jul Aug Sep Oct Nov Dec

Report for 2016 Aug
                   MONTHLY CLIMATOLOGICAL SUMMARY for AUG. 2016

NAME: Episkopi Weather Station   CITY: Episkopi   STATE: Greece 
ELEV:   340 m  LAT:  35 15' 27" N  LONG:  25 14' 15" E

                   TEMPERATURE (C), RAIN  (mm), WIND SPEED (km/hr)

                                      HEAT  COOL        AVG
    MEAN                              DEG   DEG         WIND                 DOM
DAY TEMP  HIGH   TIME   LOW    TIME   DAYS  DAYS  RAIN  SPEED HIGH   TIME    DIR
------------------------------------------------------------------------------------
 1  25.8  28.6   13:50  23.1    0:20   0.0   7.5   0.0   7.2  27.4    9:00   WNW
 2  28.3  32.5   13:40  23.1    2:00   0.0  10.0   0.0   4.5  22.5   14:40   WNW
 3  27.0  29.9   12:50  24.0   23:40   0.0   8.7   0.0   5.6  20.9   13:00   WNW
 4  25.1  27.9   12:40  23.2    4:40   0.0   6.8   0.0  11.4  40.2   18:10   WNW
 5  24.5  27.1   15:20  22.6    6:10   0.0   6.2   0.0   9.5  30.6   11:10   WNW
 6  25.3  28.7   13:10  22.3    6:50   0.0   7.0   0.0   7.1  29.0   15:00   WNW
 7  25.6  29.0   15:00  22.6   00:00   0.0   7.3   0.0   6.3  32.2   11:20   WNW
 8  25.2  28.9   13:10  21.8    4:30   0.0   6.9   0.0   5.6  25.7   14:10   WNW
 9  24.6  27.8   15:10  22.1    4:00   0.0   6.3   0.0   6.8  30.6   12:30   WNW
10  24.6  28.0   13:50  21.9    6:00   0.0   6.3   0.0   8.5  41.8   16:10   WNW
11  25.4  29.3   14:40  21.8    4:00   0.0   7.2   0.0   6.4  25.7   14:20   WNW
12  27.2  32.3   12:20  23.0   00:00   0.0   8.9   0.0   5.1  22.5   11:20   WNW
13  22.9  25.1   13:10  20.9   00:00   0.0   4.6   0.2  11.1  38.6   18:40   WNW
14  21.7  23.7   12:10  20.3    6:40   0.0   3.4   0.0  17.1  48.3   11:50   WNW
15  21.9  24.2   15:20  20.2   23:50   0.0   3.6   0.0  13.7  38.6   18:00   WNW
16  22.4  25.5   16:30  19.8    1:00   0.0   4.2   0.0  10.5  35.4   14:40   WNW
17  23.7  27.6   13:50  19.8    6:40   0.0   5.4   0.0   5.8  25.7   15:20   WNW
18  25.9  31.4   15:30  21.2    3:20   0.0   7.6   0.0   4.7  22.5   15:00   WNW
19  25.5  29.6   12:50  21.6   00:00   0.0   7.2   0.0   4.7  22.5   14:20   WNW
20  23.9  27.7   12:50  20.6    6:50   0.0   5.6   0.2   7.4  30.6   15:10   WNW
21  24.0  27.2   14:50  21.5    5:50   0.0   5.7   0.0   7.2  27.4   11:20   WNW
22  24.8  28.5   14:10  21.5    4:10   0.0   6.5   0.0   5.0  24.1   14:10   WNW
23  26.3  30.8   14:30  23.1    3:20   0.0   8.0   0.0   3.4  20.9   12:30   WNW
24  24.1  27.3   15:40  21.9   23:50   0.0   5.7   0.0   6.0  27.4   15:10   WNW
25  23.7  26.8   12:50  20.3    5:50   0.0   4.9   0.0   4.8  27.4   15:50   WNW
26  22.6  24.7   11:30  21.1   23:40   0.0   4.3   0.0   6.9  29.0   13:20   WNW
27  22.1  24.7   13:50  20.3   23:20   0.0   3.8   0.0   9.8  37.0   14:50   WNW
28  22.3  25.2   12:30  20.1    4:50   0.0   4.0   0.0  11.3  41.8   14:10   WNW
29  23.1  26.3   13:10  20.1    4:40   0.0   4.8   0.0   7.7  33.8   13:30   WNW
30  24.1  27.9   13:50  21.3    0:10   0.0   5.8   0.0   5.5  27.4   14:40    NW
31  24.2  27.4   12:50  21.4    4:00   0.0   5.9   0.0  11.4  41.8   15:10   WNW
-------------------------------------------------------------------------------------
    24.4  32.5     2    19.8    16     0.0 190.1   0.4   7.7  48.3    14     WNW

Max >=  32.0:  2
Max <=   0.0:  0
Min <=   0.0:  0
Min <= -18.0:  0
Max Rain: 0.20 ON 13/08/16
Days of Rain: 2 (> .2 mm) 0 (> 2 mm) 0 (> 20 mm)
Heat Base:  18.3  Cool Base:  18.3  Method: Integration