NOAA Reports/Αναφορές NOAA

Select a Year or Month report
2017 > Jan Feb Mar Apr May Jun Jul Aug Sep Oct Nov Dec
2016 > Jan Feb Mar Apr May Jun Jul Aug Sep Oct Nov Dec

Report for 2016 Sep
                   MONTHLY CLIMATOLOGICAL SUMMARY for SEP. 2016

NAME: Episkopi Weather Station   CITY: Episkopi   STATE: Greece 
ELEV:   340 m  LAT:  35 15' 27" N  LONG:  25 14' 15" E

                   TEMPERATURE (C), RAIN  (mm), WIND SPEED (km/hr)

                                      HEAT  COOL        AVG
    MEAN                              DEG   DEG         WIND                 DOM
DAY TEMP  HIGH   TIME   LOW    TIME   DAYS  DAYS  RAIN  SPEED HIGH   TIME    DIR
------------------------------------------------------------------------------------
 1  23.3  25.6   15:30  21.2   00:00   0.0   5.0   0.0  13.8  40.2   12:20   WNW
 2  22.6  25.2   15:00  20.5   00:00   0.0   4.3   0.0  12.6  41.8   12:40   WNW
 3  21.4  23.2   14:10  19.8    1:40   0.0   3.1   0.0  13.7  40.2   17:10   WNW
 4  21.4  24.1   16:00  19.5    2:40   0.0   3.1   0.0  11.6  35.4   17:10   WNW
 5  22.2  25.5   15:00  19.1    6:50   0.0   3.9   0.0   5.5  27.4   15:10   WNW
 6  23.8  29.3   14:40  19.1    7:00   0.0   5.5   0.0   7.7  30.6   15:30    SE
 7  25.7  32.2   14:50  20.8    6:00   0.0   7.4   0.0  10.0  41.8    8:50    SE
 8  28.7  35.2   15:00  25.0    0:10   0.0  10.4   0.0   7.7  32.2   13:40    SE
 9  28.4  34.4   13:10  21.8   23:30   0.0  10.1   0.0  10.5  38.6   16:00    SE
10  23.3  27.6   11:00  20.4    7:00   0.0   5.0   0.0   3.2  24.1   14:40    NW
11  22.8  26.4   11:30  19.8    7:00   0.0   4.5   0.0   4.7  29.0   14:20   WNW
12  22.2  25.5   12:00  20.1    4:40   0.0   3.9   0.0   5.5  33.8   14:10   WNW
13  21.4  23.8   11:50  19.8   23:30   0.0   3.1   0.0   6.0  27.4   17:50   WNW
14  21.5  24.6   14:00  19.0    7:20   0.0   3.2   0.0   7.4  30.6   11:10   WNW
15  22.8  26.4   15:10  19.5    2:50   0.0   4.5   0.0   9.7  32.2   13:00   WNW
16  23.0  25.4   14:30  21.1   00:00   0.0   4.7   0.0  14.2  40.2    9:30   WNW
17  23.6  27.6   15:00  19.8    6:20   0.0   5.3   0.0   5.3  25.7   14:10    NW
18  27.1  32.8   10:20  22.1    2:20   0.0   8.8   0.0   3.9  22.5   22:40    NE
19  26.6  33.9   15:10  23.4    5:50   0.0   8.2   0.0   7.2  35.4   15:50   ESE
20  23.1  26.3    0:40  16.1   12:20   0.1   4.8  54.2   6.1  46.7   11:40    SE
21  21.5  24.9   14:10  18.9    6:10   0.0   3.2   0.0   6.0  29.0   15:20   WNW
22  21.8  26.0   10:50  19.5    5:20   0.0   3.5   0.0   5.0  25.7   13:50   WNW
23  19.2  21.8   14:10  17.2   23:50   0.1   1.0   8.8   7.4  35.4   18:10    NE
24  18.3  20.6   15:10  16.6    2:10   0.6   0.6   0.0  10.6  35.4   17:00    NW
25  18.2  20.8   15:40  16.6    3:00   0.6   0.6   0.0   9.8  33.8   12:10   WNW
26  18.4  21.5   13:00  16.1    5:50   0.7   0.8   0.0   8.0  35.4   17:10   WNW
27  18.4  21.3   14:50  16.4    5:50   0.7   0.8   0.0   7.6  29.0   12:10   WNW
28  18.3  20.8   15:10  16.8    0:10   0.5   0.5   0.0  10.3  35.4   11:40   WNW
29  18.7  21.5   12:50  16.4    3:40   0.7   1.0   0.0   6.4  30.6   12:30    NW
30  18.9  22.7   15:10  16.4    6:40   0.6   1.3   0.0   5.1  25.7   14:20    NW
-------------------------------------------------------------------------------------
    22.2  35.2     8    16.1    20     4.5 122.0  63.0   8.1  46.7    20     WNW

Max >=  32.0:  5
Max <=   0.0:  0
Min <=   0.0:  0
Min <= -18.0:  0
Max Rain: 54.20 ON 20/09/16
Days of Rain: 2 (> .2 mm) 2 (> 2 mm) 1 (> 20 mm)
Heat Base:  18.3  Cool Base:  18.3  Method: Integration