NOAA Reports/Αναφορές NOAA

Select a Year or Month report
2017 > Jan Feb Mar Apr May Jun Jul Aug Sep Oct Nov Dec
2016 > Jan Feb Mar Apr May Jun Jul Aug Sep Oct Nov Dec

Report for 2016 Oct
                   MONTHLY CLIMATOLOGICAL SUMMARY for OCT. 2016

NAME: Episkopi Weather Station   CITY: Episkopi   STATE: Greece 
ELEV:   340 m  LAT:  35 15' 27" N  LONG:  25 14' 15" E

                   TEMPERATURE (C), RAIN  (mm), WIND SPEED (km/hr)

                                      HEAT  COOL        AVG
    MEAN                              DEG   DEG         WIND                 DOM
DAY TEMP  HIGH   TIME   LOW    TIME   DAYS  DAYS  RAIN  SPEED HIGH   TIME    DIR
------------------------------------------------------------------------------------
 1  19.4  23.1   15:20  16.6    6:50   0.5   1.5   0.0   3.5  20.9   13:10    NW
 2  20.6  25.9   13:00  16.9    4:40   0.3   2.6   0.2   1.8  17.7   14:10    NE
 3  22.6  27.8   13:10  19.9    6:20   0.0   4.2   0.0   2.7  16.1   14:40    NE
 4  22.1  25.8   12:40  19.8    6:50   0.0   3.8   0.0   3.7  20.9   11:50   WNW
 5  21.3  23.9   12:30  19.2   23:20   0.0   3.1   0.0   6.8  32.2   12:50   WNW
 6  20.3  24.1   13:40  18.3    5:00   0.0   2.0   0.0   2.7  22.5   18:40   WNW
 7  21.6  25.2   15:40  18.4    5:20   0.0   3.3   0.0   5.1  43.5   23:20    NE
 8  22.6  28.8   12:10  19.2   22:40   0.0   4.3   0.0  12.1  46.7    5:00    SE
 9  20.6  24.9   12:00  17.7    6:20   0.0   2.3   0.0   1.8  16.1   12:20    NE
10  21.3  26.8   14:00  17.4    6:10   0.2   3.2   0.2   4.2  35.4   23:10    SE
11  25.4  30.7   14:30  20.6    5:10   0.0   7.1   0.0  12.7  40.2    4:10    SE
12  23.0  27.4   12:40  19.3   00:00   0.0   4.7   0.0   6.4  33.8    0:50    SE
13  19.7  23.7   12:20  17.3   22:50   0.1   1.5   0.0   6.0  29.0   13:20   WNW
14  18.2  21.1   13:10  16.0    6:30   0.9   0.8   0.0   4.8  25.7   14:10    NW
15  18.6  21.2   11:50  16.7    1:20   0.5   0.8   0.0  10.8  38.6   14:40   WNW
16  19.4  23.3   15:10  17.1    7:50   0.3   1.4   0.0   4.5  24.1    1:30    NW
17  19.1  22.6    3:00  17.0   22:30   0.2   1.0   0.4   6.4  29.0   23:40    NW
18  15.8  17.6   12:10  14.9   19:00   2.5   0.0   0.4  16.1  41.8    6:20   WNW
19  15.8  17.7   16:30  14.8   22:50   2.5   0.0   0.0   9.0  30.6   12:00    NW
20  16.7  18.9   15:20  15.1    1:50   1.6   0.1   0.0   2.9  17.7   10:10    NW
21  18.1  21.5   13:40  15.9    5:20   0.9   0.7   0.0   1.8  16.1   11:40    NE
22  20.7  27.0   16:00  17.3    6:20   0.2   2.6   0.0   5.1  20.9    4:40   ESE
23  21.4  27.4   12:10  18.1   23:50   0.0   3.1   0.0   7.1  25.7    1:10    NE
24  18.4  20.7   15:10  17.2   23:10   0.3   0.5   0.0   9.3  35.4   16:10    NW
25  17.1  18.8   14:00  15.8   23:50   1.2   0.0   0.0  15.9  40.2    4:00   WNW
26  16.5  18.0   12:30  15.5    5:20   1.8   0.0   0.0  12.4  40.2   15:30   WNW
27  16.9  19.1   15:40  15.1    4:00   1.4   0.1   0.0   4.0  22.5   10:10    NW
28  16.7  20.3   11:50  15.4   22:20   1.7   0.1   0.0   1.9  17.7   13:10    NE
29  15.3  16.3   12:10  14.2   22:20   3.0   0.0   0.8   2.9  17.7   11:10    NE
30  16.4  19.6   15:30  14.6    0:10   2.0   0.2   0.0   1.6  17.7   13:00    NE
31  14.2  17.7   11:40  10.8   18:20   4.2   0.0  47.2   7.2  43.5   14:40    NE
-------------------------------------------------------------------------------------
    19.2  30.7    11    10.8    31    26.4  54.7  49.2   6.2  46.7     8      NW

Max >=  32.0:  0
Max <=   0.0:  0
Min <=   0.0:  0
Min <= -18.0:  0
Max Rain: 47.19 ON 31/10/16
Days of Rain: 6 (> .2 mm) 1 (> 2 mm) 1 (> 20 mm)
Heat Base:  18.3  Cool Base:  18.3  Method: Integration