NOAA Reports/Αναφορές NOAA

Select a Year or Month report
2017 > Jan Feb Mar Apr May Jun Jul Aug Sep Oct Nov Dec
2016 > Jan Feb Mar Apr May Jun Jul Aug Sep Oct Nov Dec

Report for 2016 Nov
                   MONTHLY CLIMATOLOGICAL SUMMARY for NOV. 2016

NAME: Episkopi Weather Station   CITY: Episkopi   STATE: Greece 
ELEV:   340 m  LAT:  35 15' 27" N  LONG:  25 14' 15" E

                   TEMPERATURE (C), RAIN  (mm), WIND SPEED (km/hr)

                                      HEAT  COOL        AVG
    MEAN                              DEG   DEG         WIND                 DOM
DAY TEMP  HIGH   TIME   LOW    TIME   DAYS  DAYS  RAIN  SPEED HIGH   TIME    DIR
------------------------------------------------------------------------------------
 1  12.8  14.6   15:10  11.7   00:00   5.5   0.0   0.0   9.2  32.2   14:20    NW
 2  12.9  15.3   15:30  10.7    6:40   5.4   0.0   0.0   4.7  24.1    1:10    NW
 3  15.8  20.6   12:40  12.4    6:20   2.8   0.3   0.0   4.7  19.3   22:40   ESE
 4  16.7  21.8   14:00  13.6    2:30   2.0   0.5   0.0   8.7  27.4    5:20    SE
 5  17.7  20.7   12:50  15.9    5:50   1.1   0.5   0.0   1.8  17.7    0:10    NW
 6  17.7  22.6   13:40  14.4    6:50   1.6   0.9   0.0   5.6  40.2   23:50    SE
 7  18.9  22.9   13:10  15.7    6:20   0.6   1.3   0.0  15.8  43.5   22:00    SE
 8  20.7  24.6   12:00  18.7    0:30   0.0   2.4   0.0  24.9  59.5   20:00    SE
 9  19.4  23.1   12:00  14.2   23:50   0.7   1.8   1.0  17.1  51.5    0:40    SE
10  16.7  20.5   12:10  13.4    7:10   1.9   0.3   0.0   5.0  27.4   21:20    SE
11  17.1  22.1   12:10  14.9    7:10   1.7   0.5   0.0   5.8  22.5    0:50   ESE
12  17.5  21.7   12:30  14.8    3:00   1.5   0.7   0.0   8.4  32.2   22:30    SE
13  17.1  21.6   11:30  15.1   23:50   1.5   0.2   0.0   5.8  35.4    0:10    SE
14  15.3  18.2   12:50  13.7    4:30   3.0   0.0   0.0   3.7  22.5   14:20   WNW
15  13.4  14.9   11:20  11.9   00:00   4.9   0.0   0.0   6.1  27.4   15:50    NE
16  11.8  12.8    8:30  10.3   00:00   6.5   0.0   0.0   5.1  25.7   13:20    NE
17  11.4  14.0   12:20  10.2    6:40   6.9   0.0   0.0   5.3  25.7   13:30    NW
18  12.3  15.1   11:50  10.1    3:40   6.0   0.0   0.0   1.1  17.7   11:50    NE
19  13.9  17.1   13:00  11.4    2:10   4.4   0.0   0.0   2.3  17.7   13:40    NE
20  14.2  17.1   11:50  12.6    6:40   4.1   0.0   0.0   2.6  17.7   12:20    NE
21  14.3  17.2   13:00  12.4    4:50   3.9   0.0   0.0   2.7  20.9   13:10    NW
22  14.6  16.9   12:10  13.3    7:30   3.7   0.0   0.0   3.7  20.9   11:20    NE
23  14.2  15.9   11:30  13.0   21:40   4.1   0.0   0.0   3.4  20.9   13:30    NE
24  13.8  16.1   13:40  12.8    3:20   4.5   0.0   0.0   2.3  17.7   11:20    NE
25  14.1  17.3   11:10  12.1   21:50   4.3   0.0   0.0   1.4  12.9   11:20    NE
26  14.8  18.8   11:40  12.4    2:50   3.5   0.0   0.0   5.5  19.3   00:00    SE
27  15.3  18.2   12:00  12.8    7:10   3.0   0.0   0.0  14.5  45.1   14:10    SE
28  16.9  18.6   12:10  15.4    0:10   1.4   0.0   0.0  21.2  66.0   18:40    SE
29  14.4  16.9    9:10  11.3   00:00   3.9   0.0  31.8   6.9  45.1   10:30    SE
30  10.0  12.1    6:20   6.6   20:40   8.3   0.0  58.6   7.1  48.3   23:10   WNW
-------------------------------------------------------------------------------------
    15.2  24.6     8     6.6    30   102.4   9.4  91.4   7.1  66.0    28      SE

Max >=  32.0:  0
Max <=   0.0:  0
Min <=   0.0:  0
Min <= -18.0:  0
Max Rain: 58.60 ON 30/11/16
Days of Rain: 3 (> .2 mm) 2 (> 2 mm) 2 (> 20 mm)
Heat Base:  18.3  Cool Base:  18.3  Method: Integration