NOAA Reports/Αναφορές NOAA

Select a Year or Month report
2017 > Jan Feb Mar Apr May Jun Jul Aug Sep Oct Nov Dec
2016 > Jan Feb Mar Apr May Jun Jul Aug Sep Oct Nov Dec

Report for 2016 Dec
                   MONTHLY CLIMATOLOGICAL SUMMARY for DEC. 2016

NAME: Episkopi Weather Station   CITY: Episkopi   STATE: Greece 
ELEV:   340 m  LAT:  35 15' 27" N  LONG:  25 14' 15" E

                   TEMPERATURE (C), RAIN  (mm), WIND SPEED (km/hr)

                                      HEAT  COOL        AVG
    MEAN                              DEG   DEG         WIND                 DOM
DAY TEMP  HIGH   TIME   LOW    TIME   DAYS  DAYS  RAIN  SPEED HIGH   TIME    DIR
------------------------------------------------------------------------------------
 1   7.6   8.9   23:30   6.0    7:50  10.7   0.0   4.8  20.1  54.7    7:40   WNW
 2  10.8  14.1   13:40   7.7    7:10   7.5   0.0   0.0   6.6  40.2    0:10   WNW
 3  13.6  18.1   13:00  11.2    3:30   4.7   0.0   0.0   5.5  20.9    4:30   ESE
 4  14.3  17.6   12:00  12.5    6:00   4.0   0.0   0.0   1.1  12.9   23:50    SE
 5  11.9  14.9   12:00  10.9   18:40   6.3   0.0   4.0   2.9  16.1   10:50    NE
 6  11.3  14.0   12:50   9.5   21:50   7.0   0.0   0.0   2.1  17.7   12:30    NW
 7  12.2  14.6    8:20  10.3    1:40   6.1   0.0   0.6   2.4  19.3   22:10    NE
 8   9.4  12.1    1:00   8.3   19:30   8.9   0.0   0.0   9.5  35.4    6:10    NW
 9   9.1  12.2   13:30   7.5   21:20   9.2   0.0   0.0   1.9  14.5    0:10    NW
10  10.4  13.3   13:00   7.3    2:30   7.9   0.0   0.0   1.6  17.7   13:30    NW
11  12.7  17.2   13:30  10.2    4:00   5.7   0.0   0.0   1.9  17.7   21:20    SE
12  12.8  17.0   11:30  11.3    7:30   5.5   0.0   1.8   6.3  22.5    9:10    SE
13  10.4  13.1    3:20   6.8   23:10   7.9   0.0   5.0   9.5  46.7   21:00    NW
14   6.3   8.0    0:50   5.1    8:10  12.0   0.0   0.4  14.6  54.7    3:00    NW
15   8.6  11.9   13:50   4.9    5:30   9.7   0.0   0.0   2.9  19.3   15:00   WNW
16   8.3  10.1    8:30   7.3   14:10  10.0   0.0   1.4   4.3  27.4   22:10    NE
17   6.8   7.8    0:10   5.7   17:40  11.5   0.0   0.8   7.4  30.6    0:40    NW
18   7.2   8.7   14:40   6.3    6:10  11.1   0.0   0.0   7.9  30.6   12:40    NW
19   8.3  10.3   13:00   6.4    2:30  10.1   0.0   0.0   8.2  35.4   13:10   WNW
20   8.7  11.2   12:10   6.7    5:20   9.6   0.0   0.0   1.4  16.1   12:20   WNW
21   7.8   9.6    5:30   3.4   23:50  10.5   0.0   4.0   9.3  48.3   17:00    NW
22   5.7   7.2   20:20   3.6    4:10  12.6   0.0   6.2  16.3  51.5    2:20    NW
23   5.5   8.3   15:20   4.6   10:10  12.8   0.0  36.0   6.8  41.8    4:10   WNW
24   7.8  10.4   11:40   4.3    3:30  10.4   0.0  11.8  11.4  43.5   20:50    NW
25   8.8  10.8   14:20   7.1    0:40   9.4   0.0   1.0  11.7  38.6    0:20   WNW
26   8.7  10.5   13:30   6.5   20:20   9.6   0.0   3.6   9.8  51.5   18:50    NW
27   9.1  10.7   14:10   7.8    2:50   9.2   0.0   0.0  11.7  45.1    0:30   WNW
28   7.8  11.1    9:20   2.3   22:30  10.5   0.0  35.4   8.7  48.3   23:50    SE
29   3.4   6.2   13:00   0.9    9:10  14.9   0.0  27.8   7.7  53.1   22:40     W
30   4.2   6.2   15:10   1.9   22:40  14.1   0.0   9.4  12.4  49.9    0:20    NW
31   3.5   5.8   13:30   1.5    6:00  14.8   0.0  23.2   4.0  25.7    0:10   WNW
-------------------------------------------------------------------------------------
     8.8  18.1     3     0.9    29   294.3   0.0 177.2   7.4  54.7     1     WNW

Max >=  32.0:  0
Max <=   0.0:  0
Min <=   0.0:  0
Min <= -18.0:  0
Max Rain: 35.99 ON 23/12/16
Days of Rain: 18 (> .2 mm) 12 (> 2 mm) 4 (> 20 mm)
Heat Base:  18.3  Cool Base:  18.3  Method: Integration