NOAA Reports/Αναφορές NOAA

Select a Year or Month report
2017 > Jan Feb Mar Apr May Jun Jul Aug Sep Oct Nov Dec
2016 > Jan Feb Mar Apr May Jun Jul Aug Sep Oct Nov Dec

Report for 2017
                            ANNUAL CLIMATOLOGICAL SUMMARY

NAME: Episkopi Weather Station  CITY: Episkopi   STATE: Greece  
ELEV:   340 m  LAT:  35 15' 27" N  LONG:  25 14' 15" E

               TEMPERATURE (C), HEAT BASE 18.3, COOL BASE 18.3
                          DEP.  HEAT  COOL                                          
        MEAN  MEAN        FROM  DEG   DEG                        MAX  MAX  MIN  MIN 
 YR MO  MAX   MIN   MEAN  NORM  DAYS  DAYS  HI  DATE  LOW  DATE  >=32 <=0  <=0  <=-18 
------------------------------------------------------------------------------------
 17  1  11.0   5.8   8.1   0.0   316     0  15.6  24  -0.9    9    0    0    2    0
 17  2  13.6   8.3  10.5   0.0   220     0  18.9  25   3.8   14    0    0    0    0
 17  3  15.2   9.3  11.9   0.0   201     1  22.2  26   6.7   15    0    0    0    0
 17  4  19.0  11.5  14.8   0.0   117    13  27.0  29   6.7   22    0    0    0    0
 17  5  23.4  15.9  19.3   0.0    35    66  35.4  13  13.6    2    2    0    0    0
 17  6  27.7  20.0  23.7   0.0     1   164  36.8  30  16.8   19    5    0    0    0
 17  7  28.6  22.1  25.3   0.0     0   217  36.9  25  19.6   19    6    0    0    0
 17  8  26.8  21.6  24.0   0.0     0   178  31.1  21  18.8   31    0    0    0    0
 17  9  27.2  19.4  22.9   0.0     3   142  35.9  20  15.9   30    5    0    0    0
 17 10  21.1  15.7  17.9   0.0    25    15  25.5   6  14.3    9    0    0    0    0
 17 11
 17 12
------------------------------------------------------------------------------------
        21.4  15.0  17.9   0.0   917   795  36.9 JUL  -0.9  JAN   18    0    2    0

                                PRECIPITATION (mm)

               DEP.   MAX        DAYS OF RAIN 
               FROM   OBS.          OVER
 YR MO  TOTAL  NORM   DAY  DATE  .2   2   20
---------------------------------------------
 17  1 104.8    0.0  15.2    9   18   12    0
 17  2  14.6    0.0   8.4   11    5    2    0
 17  3 122.4    0.0  32.6   30   18   11    2
 17  4  12.4    0.0  10.0   22    5    1    0
 17  5  37.4    0.0  15.0   19    9    5    0
 17  6   1.4    0.0   0.6    7    3    0    0
 17  7   0.4    0.0   0.4   17    1    0    0
 17  8   1.2    0.0   1.2   17    1    0    0
 17  9  13.0    0.0   7.0   30    4    2    0
 17 10   1.2    0.0   0.4    8    4    0    0
 17 11
 17 12
---------------------------------------------
       308.9   0.0  32.6  MAR   68   33    2

                                WIND SPEED (km/hr)
                          DOM
 YR MO   AVG.  HI   DATE  DIR
---------------------------------
 17  1   7.5  66.0   15    SE
 17  2   9.5  61.2    7    SE
 17  3   6.0  51.5    2   WNW
 17  4   6.7  62.8   20   WNW
 17  5   6.1  51.5    9   WNW
 17  6   4.6  56.3    7    NW
 17  7   8.8  48.3    6   WNW
 17  8  10.0  49.9   16   WNW
 17  9   4.7  41.8   12    NW
 17 10   6.6  40.2   16    NW
 17 11
 17 12
---------------------------------
         7.1  66.0  JAN   NW