NOAA Reports/Αναφορές NOAA

Select a Year or Month report
2017 > Jan Feb Mar Apr May Jun Jul Aug Sep Oct Nov Dec
2016 > Jan Feb Mar Apr May Jun Jul Aug Sep Oct Nov Dec

Report for 2017 Jan
                   MONTHLY CLIMATOLOGICAL SUMMARY for JAN. 2017

NAME: Episkopi Weather Station   CITY: Episkopi   STATE: Greece 
ELEV:   340 m  LAT:  35 15' 27" N  LONG:  25 14' 15" E

                   TEMPERATURE (C), RAIN  (mm), WIND SPEED (km/hr)

                                      HEAT  COOL        AVG
    MEAN                              DEG   DEG         WIND                 DOM
DAY TEMP  HIGH   TIME   LOW    TIME   DAYS  DAYS  RAIN  SPEED HIGH   TIME    DIR
------------------------------------------------------------------------------------
 1   4.4   7.5   14:30   3.2    3:30  13.8   0.0   2.4   1.8  29.0   18:20   WNW
 2   7.9  11.8   13:50   3.6    0:10  10.4   0.0   0.0   3.9  22.5   14:00    SW
 3   9.9  13.8   14:30   7.3    6:50   8.4   0.0   0.0   6.6  25.7    7:30   ESE
 4  10.7  13.3   12:50   8.5    4:00   7.7   0.0   0.0  10.0  38.6   20:40    SE
 5  11.9  14.7   11:30  10.2    0:50   6.4   0.0  13.2  11.1  48.3    5:00   SSW
 6   9.7  13.1   11:30   6.2   23:20   8.7   0.0  11.4  15.8  57.9    7:00   SSW
 7   4.9   8.1   13:20   2.2   23:50  13.4   0.0   0.2   6.6  45.1    2:40   WNW
 8   0.5   2.3    1:10  -0.3   10:20  17.8   0.0   5.4   2.3  29.0    5:20   WNW
 9   3.1   8.0   13:30  -0.9    5:10  15.3   0.0  15.2   3.1  30.6   23:00    SE
10   3.8   6.9   14:50   1.2    7:10  14.5   0.0  13.4   4.7  29.0   11:30     W
11   7.7  10.9   13:00   4.2    4:20  10.6   0.0   0.0  12.9  59.5   15:30    SE
12  10.4  14.4   12:50   7.9    6:30   7.9   0.0   0.0   7.6  38.6    3:20   SSW
13   9.5  14.4   14:20   6.8    7:30   8.8   0.0   0.0   5.1  25.7   10:30    SE
14  10.5  14.7   14:00   7.3    2:30   7.8   0.0   0.0  12.6  37.0   15:00    SE
15  11.2  13.4   12:00   9.3    5:20   7.1   0.0   0.4   9.2  66.0   22:30    SE
16  11.3  12.6    0:50   9.5   12:30   7.0   0.0   3.6  15.3  49.9    9:10   SSW
17  10.9  14.2   14:00   7.9   23:50   7.4   0.0   5.6  10.9  51.5   15:20    SE
18  10.6  14.7   13:30   7.8    7:00   7.7   0.0   0.0   7.7  38.6   12:10    SE
19  11.1  15.4   13:10   8.2    1:10   7.3   0.0   0.6   7.4  37.0    2:20    SE
20   8.6   9.8    3:30   7.6   22:00   9.7   0.0   6.4   4.8  29.0   20:10    NW
21   7.7   9.3   13:30   6.2   00:00  10.6   0.0   0.0   8.4  29.0    3:10    NW
22   7.3   9.5   13:30   5.8    4:30  11.0   0.0   0.0   5.3  22.5   13:30   WNW
23   8.9  11.7   12:40   7.2    4:10   9.3   0.0   0.4   2.1  19.3   22:40    NE
24  11.8  15.6   11:50   8.6    0:30   6.5   0.0  12.4  11.4  45.1   11:00    SE
25   9.0  11.6   11:50   7.0   23:40   9.3   0.0   3.0   5.1  22.5    4:30   WNW
26   6.3   7.4    5:20   5.2   18:20  12.0   0.0   9.2   6.8  35.4   17:00    NW
27   4.3   5.7   13:40   2.5    8:20  13.9   0.0   0.2  13.7  45.1   12:10    NW
28   6.0   8.5   15:40   4.0    6:20  12.3   0.0   0.0   6.3  30.6    0:30    NW
29   7.2  10.9   13:20   4.9    6:00  11.1   0.0   0.0   1.3  17.7   15:00    NE
30   7.1   8.9   13:40   6.0   18:30  11.2   0.0   1.8   3.1  24.1   13:10   WNW
31   6.9   7.6   10:40   5.6    7:20  11.4   0.0   0.0   9.5  32.2    7:00    NW
-------------------------------------------------------------------------------------
     8.1  15.6    24    -0.9     9   316.3   0.0 104.8   7.5  66.0    15      SE

Max >=  32.0:  0
Max <=   0.0:  0
Min <=   0.0:  2
Min <= -18.0:  0
Max Rain: 15.19 ON 09/01/17
Days of Rain: 18 (> .2 mm) 12 (> 2 mm) 0 (> 20 mm)
Heat Base:  18.3  Cool Base:  18.3  Method: Integration