NOAA Reports/Αναφορές NOAA

Select a Year or Month report
2017 > Jan Feb Mar Apr May Jun Jul Aug Sep Oct Nov Dec
2016 > Jan Feb Mar Apr May Jun Jul Aug Sep Oct Nov Dec

Report for 2017 Feb
                   MONTHLY CLIMATOLOGICAL SUMMARY for FEB. 2017

NAME: Episkopi Weather Station   CITY: Episkopi   STATE: Greece 
ELEV:   340 m  LAT:  35 15' 27" N  LONG:  25 14' 15" E

                   TEMPERATURE (C), RAIN  (mm), WIND SPEED (km/hr)

                                      HEAT  COOL        AVG
    MEAN                              DEG   DEG         WIND                 DOM
DAY TEMP  HIGH   TIME   LOW    TIME   DAYS  DAYS  RAIN  SPEED HIGH   TIME    DIR
------------------------------------------------------------------------------------
 1   7.7  10.3   14:00   6.3    7:20  10.6   0.0   0.0   5.5  27.4   11:50   WNW
 2   9.9  14.2   13:00   6.6    0:10   8.3   0.0   0.0   2.6  16.1   13:50    SE
 3  11.2  15.7   12:50   8.2    7:20   7.1   0.0   0.0   9.2  25.7    1:40    SE
 4  11.4  15.4   14:30   9.1    4:10   6.9   0.0   0.0   8.4  30.6   21:40    SE
 5  11.7  16.3   13:20   9.0    2:20   6.6   0.0   0.0  16.1  37.0   23:40    SE
 6  13.0  17.1   13:30  11.1    6:30   5.3   0.0   0.0  19.6  53.1   19:20    SE
 7  12.1  13.5   12:10   9.9   00:00   6.2   0.0   0.0  15.1  61.2   11:00    SE
 8  11.4  14.7   12:00   8.5    4:20   6.9   0.0   0.0   4.5  20.9    2:40    NE
 9  11.1  14.1   13:50   9.4    7:20   7.3   0.0   0.0   1.6  16.1   12:40    NW
10  11.2  14.9   12:00   8.8    7:30   7.1   0.0   1.0   2.1  19.3   21:10    NE
11   9.0  10.9   12:10   7.8   21:30   9.3   0.0   8.4   6.0  46.7   14:40    NW
12   7.1   7.9    0:30   6.6   12:00  11.2   0.0   0.4  16.3  43.5   11:10   WNW
13   5.7   6.9    0:10   4.3   23:50  12.6   0.0   1.4  17.4  48.3   11:30   WNW
14   5.2   6.5   14:40   3.8    3:50  13.1   0.0   3.4  15.4  49.9    3:30   WNW
15   7.2   9.2   14:40   5.0    1:20  11.1   0.0   0.0  16.3  46.7   22:30   WNW
16   7.5   8.7    0:10   6.4    9:00  10.8   0.0   0.0  17.4  54.7    4:10    NW
17   8.1  10.7   14:10   6.5    7:30  10.2   0.0   0.0   6.3  25.7    2:20   WNW
18  10.4  14.1   12:00   7.1    2:50   7.9   0.0   0.0   4.3  17.7    6:40    SE
19  11.5  16.0   12:40   8.6    6:50   6.8   0.0   0.0  10.1  29.0   14:50    SE
20  11.7  16.2   13:50   8.9    5:30   6.6   0.0   0.0  11.4  33.8    3:50    SE
21  11.7  15.5   13:10   8.6    6:20   6.6   0.0   0.0  12.1  41.8   11:10    SE
22  11.8  15.1   13:10   9.1    3:10   6.5   0.0   0.0   2.9  20.9   14:10   WNW
23  11.5  16.3   12:50   8.7    6:50   6.8   0.0   0.0   6.6  24.1   22:50    SE
24  11.4  14.1   13:30   9.7    5:30   6.9   0.0   0.0   9.3  32.2   12:30    SE
25  13.6  18.9   14:40   9.5    3:30   4.7   0.0   0.0  13.7  37.0   12:40    SE
26  14.1  17.7   11:20  11.7    6:00   4.3   0.0   0.0   9.0  37.0    6:20    SE
27  12.7  15.4   11:20  10.9    4:30   5.6   0.0   0.0   3.1  22.5   14:40    NE
28  11.9  13.9   15:40  10.8   23:50   6.4   0.0   0.0   3.5  17.7    3:30    NW
-------------------------------------------------------------------------------------
    10.5  18.9    25     3.8    14   219.7   0.0  14.6   9.5  61.2     7      SE

Max >=  32.0:  0
Max <=   0.0:  0
Min <=   0.0:  0
Min <= -18.0:  0
Max Rain: 8.41 ON 11/02/17
Days of Rain: 5 (> .2 mm) 2 (> 2 mm) 0 (> 20 mm)
Heat Base:  18.3  Cool Base:  18.3  Method: Integration