NOAA Reports/Αναφορές NOAA

Select a Year or Month report
2017 > Jan Feb Mar Apr May Jun Jul Aug Sep Oct Nov Dec
2016 > Jan Feb Mar Apr May Jun Jul Aug Sep Oct Nov Dec

Report for 2017 Mar
                   MONTHLY CLIMATOLOGICAL SUMMARY for MAR. 2017

NAME: Episkopi Weather Station   CITY: Episkopi   STATE: Greece 
ELEV:   340 m  LAT:  35 15' 27" N  LONG:  25 14' 15" E

                   TEMPERATURE (C), RAIN  (mm), WIND SPEED (km/hr)

                                      HEAT  COOL        AVG
    MEAN                              DEG   DEG         WIND                 DOM
DAY TEMP  HIGH   TIME   LOW    TIME   DAYS  DAYS  RAIN  SPEED HIGH   TIME    DIR
------------------------------------------------------------------------------------
 1  13.2  17.8   10:00  10.2    4:40   5.1   0.0   0.2   3.2  22.5   19:50    SE
 2  11.9  14.4   11:10   9.6   00:00   6.3   0.0   0.0  10.0  51.5   11:20   WNW
 3  11.4  14.8   13:30   8.9    3:00   6.8   0.0   0.0   3.2  20.9   15:30    NW
 4  11.8  15.6   14:30   9.5    7:00   6.4   0.0   0.2   2.3  19.3   12:20    NW
 5  13.1  18.7   11:50   9.7    3:40   5.3   0.0   0.2   2.7  19.3   10:50    NE
 6  12.9  18.0   13:00   9.1    5:10   5.4   0.0   0.0   9.3  33.8   23:30    SE
 7  12.2  16.2   11:00  10.2    7:00   6.1   0.0   5.0  13.7  48.3   14:40    SE
 8  11.7  14.8   13:00   8.4   00:00   6.6   0.0  14.8  13.2  51.5   11:50    SE
 9  10.0  12.8   15:00   7.8    2:20   8.3   0.0   7.8   8.4  38.6   11:00    SE
10   9.9  13.6   11:40   8.2   20:50   8.3   0.0   5.0   4.0  25.7   12:30     W
11   9.3  13.5   10:40   7.1   22:40   9.0   0.0  16.4   2.7  20.9   11:10    SE
12   9.3  10.9   16:30   7.8    0:40   9.0   0.0  21.6  13.5  51.5   10:00   WNW
13  11.2  14.3   14:40   7.7    6:40   7.1   0.0   0.0   7.9  35.4   11:40   WNW
14   9.8  11.1   10:20   8.5   00:00   8.4   0.0   5.6   4.5  29.0    1:50    NE
15   9.2  11.6   14:30   6.7    2:20   9.1   0.0   2.2   9.0  37.0    1:40    NW
16   9.6  12.8   15:40   7.4    3:40   8.7   0.0   0.0   4.0  24.1   11:50   WNW
17  10.1  13.4   14:00   7.8    1:50   8.2   0.0   0.0   3.2  25.7   15:00    NW
18  10.4  13.3   15:30   7.6    6:20   7.9   0.0   0.0   5.1  33.8   10:20    NE
19  14.0  19.9   13:00   9.2    0:10   4.4   0.1   0.0   6.3  29.0    7:30   ESE
20  14.7  19.2   12:00  10.9    2:20   3.6   0.0   0.0   4.0  20.9    1:50   ESE
21  15.2  20.6   13:00  11.7    3:40   3.3   0.2   0.0   5.1  30.6   00:00    SE
22  11.4  13.7   14:20   9.6    7:20   6.9   0.0   1.4   4.7  41.8    2:10    NE
23  12.9  16.6   13:40  10.1    4:50   5.3   0.0   0.2   3.2  22.5   13:20    NW
24  12.9  16.2   13:20  10.1    5:00   5.4   0.0   0.2   3.2  19.3   11:40    NW
25  14.1  17.4   12:20  11.3    6:20   4.3   0.0   0.0   2.6  20.9   12:30    NW
26  17.0  22.2   12:40  13.1   23:10   1.9   0.6   0.0   2.6  19.3   13:40    NE
27  14.5  16.8   13:00  11.4   23:50   3.8   0.0   0.0   5.3  27.4   11:00    NE
28  10.5  12.0   11:20   9.3   00:00   7.8   0.0   4.4   4.8  20.9    0:10    NW
29  10.3  12.8   13:20   8.1    7:40   8.0   0.0   3.8   2.7  17.7   14:30    NW
30  11.0  13.5   11:40  10.2   20:00   7.3   0.0  32.6   7.9  29.0   17:20   WNW
31  12.0  13.6   11:50   9.9    1:30   6.3   0.0   0.8  13.5  46.7   16:20   WNW
-------------------------------------------------------------------------------------
    11.9  22.2    26     6.7    15   200.6   1.0 122.4   6.0  51.5     2     WNW

Max >=  32.0:  0
Max <=   0.0:  0
Min <=   0.0:  0
Min <= -18.0:  0
Max Rain: 32.59 ON 30/03/17
Days of Rain: 18 (> .2 mm) 11 (> 2 mm) 2 (> 20 mm)
Heat Base:  18.3  Cool Base:  18.3  Method: Integration