NOAA Reports/Αναφορές NOAA

Select a Year or Month report
2017 > Jan Feb Mar Apr May Jun Jul Aug Sep Oct Nov Dec
2016 > Jan Feb Mar Apr May Jun Jul Aug Sep Oct Nov Dec

Report for 2017 Apr
                   MONTHLY CLIMATOLOGICAL SUMMARY for APR. 2017

NAME: Episkopi Weather Station   CITY: Episkopi   STATE: Greece 
ELEV:   340 m  LAT:  35 15' 27" N  LONG:  25 14' 15" E

                   TEMPERATURE (C), RAIN  (mm), WIND SPEED (km/hr)

                                      HEAT  COOL        AVG
    MEAN                              DEG   DEG         WIND                 DOM
DAY TEMP  HIGH   TIME   LOW    TIME   DAYS  DAYS  RAIN  SPEED HIGH   TIME    DIR
------------------------------------------------------------------------------------
 1  11.3  13.3   14:40   9.7   22:00   7.0   0.0   0.0  13.0  41.8   12:50   WNW
 2  12.6  16.3   13:20   9.5    6:50   5.7   0.0   0.0   2.4  19.3   15:20    NW
 3  14.9  19.8   14:40   9.7    6:50   3.5   0.1   0.0  11.3  41.8   14:10    SE
 4  15.9  20.8   14:20  13.7   21:50   2.6   0.2   0.0  12.4  43.5    7:00    SE
 5  15.3  20.3   12:40  11.9   23:50   3.2   0.1   0.0   5.6  22.5    6:50    NE
 6  13.6  16.9   16:00  10.6    5:00   4.8   0.0   0.0   6.8  27.4   16:20   WNW
 7  14.1  19.4   12:40  10.4    3:50   4.2   0.0   0.0   4.8  29.0   16:40   WNW
 8  13.0  15.1   13:40  10.6   22:00   5.3   0.0   0.2   4.5  25.7    9:50    NE
 9  12.6  15.4   14:40  10.2    3:00   5.7   0.0   0.0   4.8  29.0   14:50    NW
10  12.6  15.4   13:00  10.8    3:00   5.7   0.0   0.0   5.0  27.4   14:10    NE
11  12.4  15.4   14:50  10.1    2:30   5.9   0.0   0.0   4.3  25.7   11:40   WNW
12  12.0  15.2   14:50   9.4    8:00   6.3   0.0   1.8   4.5  20.9   13:20   WNW
13  13.2  15.6   14:10  11.4    0:10   5.1   0.0   0.2  10.1  33.8   14:00   WNW
14  15.9  19.5   12:40  13.2   23:50   2.6   0.1   0.0   4.0  24.1   14:40   WNW
15  16.8  20.5   14:20  13.3    0:10   2.0   0.5   0.0   3.7  29.0   22:40    NW
16  15.2  20.9   15:10  10.6    5:40   3.5   0.4   0.0  10.1  32.2    1:50    SE
17  15.4  21.7   16:40  11.7    6:00   3.3   0.4   0.0  13.5  40.2    8:20    SE
18  15.5  19.1   13:20  12.6   00:00   2.8   0.0   0.0   4.7  25.7   13:50   WNW
19  15.9  20.8   15:30  11.7    5:50   2.8   0.4   0.0  13.0  41.8   15:40    SE
20  18.8  25.8   14:20  14.6    0:40   0.8   1.3   0.0  13.8  62.8    4:40    SE
21  13.9  19.6    0:10  11.7   00:00   4.4   0.0   0.0   6.4  30.6   11:30    NE
22   9.6  13.0    9:50   6.7   21:40   8.7   0.0  10.0   5.5  22.5   10:20   WNW
23  11.1  15.1   14:30   6.8    2:30   7.3   0.0   0.0   5.6  25.7   11:00   WNW
24  13.8  17.6   16:50  10.0    3:30   4.5   0.0   0.0   2.3  20.9   15:50   WNW
25  14.3  18.2   16:10  10.9    5:40   4.0   0.0   0.2   2.1  20.9   15:20    NE
26  16.1  19.9   16:10  12.3    6:30   2.5   0.3   0.0   2.1  19.3   14:20    NE
27  16.9  21.4   14:30  13.3    6:00   2.0   0.6   0.0   1.6  17.7   14:50    NE
28  19.7  25.7   13:50  14.3    6:30   0.9   2.4   0.0   2.1  14.5   14:30   WNW
29  22.1  27.0   15:30  17.8    4:50   0.0   3.8   0.0   5.6  32.2   00:00    SE
30  19.9  24.7   16:00  15.8   23:00   0.5   2.1   0.0  15.4  54.7   11:40    SE
-------------------------------------------------------------------------------------
    14.8  27.0    29     6.7    22   117.5  12.8  12.4   6.7  62.8    20     WNW

Max >=  32.0:  0
Max <=   0.0:  0
Min <=   0.0:  0
Min <= -18.0:  0
Max Rain: 10.01 ON 22/04/17
Days of Rain: 5 (> .2 mm) 1 (> 2 mm) 0 (> 20 mm)
Heat Base:  18.3  Cool Base:  18.3  Method: Integration