NOAA Reports/Αναφορές NOAA

Select a Year or Month report
2017 > Jan Feb Mar Apr May Jun Jul Aug Sep Oct Nov Dec
2016 > Jan Feb Mar Apr May Jun Jul Aug Sep Oct Nov Dec

Report for 2017 May
                   MONTHLY CLIMATOLOGICAL SUMMARY for MAY. 2017

NAME: Episkopi Weather Station   CITY: Episkopi   STATE: Greece 
ELEV:   340 m  LAT:  35 15' 27" N  LONG:  25 14' 15" E

                   TEMPERATURE (C), RAIN  (mm), WIND SPEED (km/hr)

                                      HEAT  COOL        AVG
    MEAN                              DEG   DEG         WIND                 DOM
DAY TEMP  HIGH   TIME   LOW    TIME   DAYS  DAYS  RAIN  SPEED HIGH   TIME    DIR
------------------------------------------------------------------------------------
 1  16.1  18.8   15:50  14.6   00:00   2.3   0.0   1.6   6.8  32.2   14:40   WNW
 2  16.9  20.3   14:10  13.6    6:10   1.8   0.5   0.0   4.8  22.5   12:20    NW
 3  18.0  21.3   15:10  15.2    6:30   1.1   0.8   0.0   3.2  20.9   12:00    NW
 4  19.3  23.8   12:10  15.8    2:00   0.7   1.7   0.0   2.6  19.3   14:50   WNW
 5  20.4  24.3   12:10  17.9    8:50   0.0   2.2   0.0   4.8  24.1   21:20    NW
 6  22.3  26.9   16:40  18.4   23:20   0.0   4.0   0.0   6.4  27.4    2:00   WNW
 7  22.4  29.5   17:30  16.8    6:20   0.2   4.3   0.0   5.6  29.0   22:00   ENE
 8  23.3  26.1   19:00  19.8    0:20   0.0   5.0   0.0  12.1  37.0   10:40    SE
 9  21.4  24.7    4:30  15.4   00:00   0.3   3.4   0.0   8.5  51.5    2:00    NE
10  17.1  20.4   12:30  13.9    6:10   1.7   0.5   0.0   6.8  27.4   13:10   WNW
11  18.9  23.6   15:50  14.9    5:30   0.9   1.5   0.0   2.9  19.3   12:30    NE
12  25.3  33.5   15:50  18.4    2:20   0.0   7.0   0.0   4.3  30.6   21:10   ESE
13  28.5  35.4   13:30  23.8    0:20   0.0  10.2   0.0  11.1  35.4   23:10   ESE
14  26.2  29.6   12:40  22.1   22:40   0.0   7.9   0.0   6.1  30.6    0:30    NW
15  21.7  25.6   13:50  17.9   22:30   0.0   3.5   0.0   4.5  24.1   15:30    NW
16  17.9  20.6   12:30  15.2   23:40   0.9   0.5   0.0   8.0  32.2   12:00    NW
17  16.5  21.6   11:50  13.8   22:10   2.1   0.3   1.2   4.5  29.0   15:00   WNW
18  15.6  18.8   14:10  13.6    7:40   2.7   0.0   6.6   5.5  20.9   11:30   WNW
19  15.1  17.0   16:20  13.6    3:30   3.2   0.0  15.0  13.7  46.7   13:20   WNW
20  17.3  21.0   17:50  13.8    4:20   1.5   0.6   0.0   8.2  29.0    0:40   WNW
21  18.6  25.4   13:40  14.3    6:00   1.3   1.6   0.0   8.2  30.6    4:10   ESE
22  16.2  18.4   16:50  14.6    1:30   2.1   0.0   2.0   9.5  41.8   18:00   WNW
23  18.4  22.1   14:20  15.1    4:40   1.0   1.2   0.0   6.6  24.1    9:30    NW
24  20.1  24.8   12:50  16.2    6:00   0.6   2.4   0.0   2.3  19.3   14:40    NE
25  19.9  24.5   13:00  16.1    0:10   0.2   1.9   0.0   2.7  22.5   13:50   ESE
26  18.4  23.3   12:40  15.8   23:00   0.9   1.1   1.6   5.5  25.7    4:50    SE
27  16.2  19.2   18:00  14.6   10:50   2.2   0.0   5.4   5.5  24.1   10:40   WNW
28  15.7  18.4    9:40  13.9    3:50   2.7   0.0   3.4   6.0  27.4   12:30   WNW
29  16.4  19.7   12:10  13.8    4:40   2.0   0.1   0.6   4.5  25.7   16:00   WNW
30  17.8  21.2   15:20  14.6    5:10   1.3   0.8   0.0   4.3  25.7   13:50   WNW
31  20.7  25.7   14:20  15.9    1:50   0.6   3.0   0.0   2.6  17.7   15:00    NW
-------------------------------------------------------------------------------------
    19.3  35.4    13    13.6     2    34.6  65.8  37.4   6.1  51.5     9     WNW

Max >=  32.0:  2
Max <=   0.0:  0
Min <=   0.0:  0
Min <= -18.0:  0
Max Rain: 15.01 ON 19/05/17
Days of Rain: 9 (> .2 mm) 5 (> 2 mm) 0 (> 20 mm)
Heat Base:  18.3  Cool Base:  18.3  Method: Integration