NOAA Reports/Αναφορές NOAA

Select a Year or Month report
2017 > Jan Feb Mar Apr May Jun Jul Aug Sep Oct Nov Dec
2016 > Jan Feb Mar Apr May Jun Jul Aug Sep Oct Nov Dec

Report for 2017 Jul
                   MONTHLY CLIMATOLOGICAL SUMMARY for JUL. 2017

NAME: Episkopi Weather Station   CITY: Episkopi   STATE: Greece 
ELEV:   340 m  LAT:  35 15' 27" N  LONG:  25 14' 15" E

                   TEMPERATURE (C), RAIN  (mm), WIND SPEED (km/hr)

                                      HEAT  COOL        AVG
    MEAN                              DEG   DEG         WIND                 DOM
DAY TEMP  HIGH   TIME   LOW    TIME   DAYS  DAYS  RAIN  SPEED HIGH   TIME    DIR
------------------------------------------------------------------------------------
 1  30.7  34.5   13:20  27.3    6:40   0.0  12.4   0.0   7.7  32.2   15:10    NW
 2  32.2  36.1   13:30  27.3    2:30   0.0  13.9   0.0   5.0  25.7   11:50    NW
 3  29.9  34.9   12:00  22.6   23:40   0.0  11.7   0.0   7.6  29.0   10:50    NW
 4  22.8  25.3   16:20  20.9    6:00   0.0   4.6   0.0  10.8  40.2   18:00   WNW
 5  21.5  23.2   14:50  20.4   23:50   0.0   3.2   0.0  16.6  43.5    9:00   WNW
 6  21.9  23.9   15:10  20.0    5:20   0.0   3.6   0.0  15.3  48.3   13:40   WNW
 7  23.2  25.9   17:30  20.8    2:30   0.0   4.9   0.0  16.3  48.3    8:50   WNW
 8  23.6  26.6   16:00  21.6    5:40   0.0   5.2   0.0  15.0  40.2    9:50   WNW
 9  24.6  27.4   13:10  20.8    4:20   0.0   6.3   0.0   8.0  32.2   13:30    NW
10  25.5  28.3   17:10  21.8    5:40   0.0   7.2   0.0   7.1  27.4   10:00    NW
11  25.6  28.6   13:40  22.5    6:00   0.0   7.3   0.0   8.5  30.6   11:30   WNW
12  27.6  30.9   13:20  22.8    2:10   0.0   9.3   0.0   6.1  33.8   10:30    NW
13  29.0  32.3   15:20  25.9   00:00   0.0  10.7   0.0   3.5  19.3   12:10    NW
14  27.1  30.0   12:20  24.4   23:20   0.0   8.8   0.0   6.9  30.6   12:30    NW
15  25.2  28.6   11:50  22.6    4:40   0.0   6.9   0.0   5.6  25.7   10:30    NW
16  24.4  28.1   15:00  21.4    5:10   0.0   6.1   0.0   3.5  25.7   14:10    NW
17  22.8  26.0   15:10  20.1    6:30   0.0   4.5   0.4   3.2  22.5   13:30    NE
18  21.8  24.5   13:50  19.8    5:50   0.0   3.5   0.0   8.2  32.2   19:50   WNW
19  21.2  23.2   16:50  19.6    4:10   0.0   2.9   0.0  16.4  41.8   12:20   WNW
20  22.7  25.4   16:00  20.6   23:50   0.0   4.4   0.0  14.5  43.5   10:50   WNW
21  22.9  26.3   14:50  20.3    3:30   0.0   4.6   0.0  12.4  40.2   15:50   WNW
22  23.6  26.5   14:20  21.4    1:40   0.0   5.3   0.0  12.1  38.6   14:00   WNW
23  25.3  28.9   16:40  21.6    0:10   0.0   7.0   0.0   9.2  35.4   14:20   WNW
24  28.1  31.9   13:30  23.1    0:50   0.0   9.8   0.0   6.0  29.0   11:50    NW
25  30.9  36.9   13:50  25.6    6:30   0.0  12.6   0.0   3.4  22.5   14:00    NW
26  29.3  34.7   11:30  22.9   00:00   0.0  11.0   0.0   5.5  32.2   22:30    NE
27  24.9  29.8   15:50  20.9    6:10   0.0   6.7   0.0   8.2  35.4   13:20   ESE
28  23.8  26.8   13:20  20.9    3:50   0.0   5.5   0.0   6.3  27.4   15:20   WNW
29  24.0  27.3   14:40  21.2    4:40   0.0   5.7   0.0   5.1  25.7   15:50    NW
30  24.4  28.1   15:50  21.2    3:50   0.0   6.1   0.0   8.4  30.6   17:30   WNW
31  23.7  25.7   14:50  21.3   00:00   0.0   5.4   0.0  11.9  35.4   14:30   WNW
-------------------------------------------------------------------------------------
    25.3  36.9    25    19.6    19     0.0 216.9   0.4   8.8  48.3     6     WNW

Max >=  32.0:  6
Max <=   0.0:  0
Min <=   0.0:  0
Min <= -18.0:  0
Max Rain: 0.41 ON 17/07/17
Days of Rain: 1 (> .2 mm) 0 (> 2 mm) 0 (> 20 mm)
Heat Base:  18.3  Cool Base:  18.3  Method: Integration