NOAA Reports/Αναφορές NOAA

Select a Year or Month report
2017 > Jan Feb Mar Apr May Jun Jul Aug Sep Oct Nov Dec
2016 > Jan Feb Mar Apr May Jun Jul Aug Sep Oct Nov Dec

Report for 2017 Aug
                   MONTHLY CLIMATOLOGICAL SUMMARY for AUG. 2017

NAME: Episkopi Weather Station   CITY: Episkopi   STATE: Greece 
ELEV:   340 m  LAT:  35 15' 27" N  LONG:  25 14' 15" E

                   TEMPERATURE (C), RAIN  (mm), WIND SPEED (km/hr)

                                      HEAT  COOL        AVG
    MEAN                              DEG   DEG         WIND                 DOM
DAY TEMP  HIGH   TIME   LOW    TIME   DAYS  DAYS  RAIN  SPEED HIGH   TIME    DIR
------------------------------------------------------------------------------------
 1  22.7  25.3   13:40  20.3    6:40   0.0   4.4   0.0   9.2  32.2   16:10    NW
 2  22.6  24.8   13:10  20.8    6:50   0.0   4.3   0.0  11.3  41.8   10:40   WNW
 3  23.8  26.4   14:40  21.3    0:10   0.0   5.5   0.0  11.4  37.0    8:50   WNW
 4  25.6  27.7   14:50  23.4    6:00   0.0   7.3   0.0  13.8  45.1   14:00   WNW
 5  26.2  28.9   16:10  24.2   23:30   0.0   7.9   0.0  12.2  33.8   16:00   WNW
 6  26.7  29.6   13:30  23.7    6:50   0.0   8.4   0.0   9.0  35.4   13:30   WNW
 7  27.1  29.7   15:30  24.8   23:50   0.0   8.8   0.0   7.4  27.4   10:20   WNW
 8  26.3  29.9   11:00  23.4    3:20   0.0   8.0   0.0   7.4  33.8   12:40    NW
 9  25.2  28.2   12:40  23.1    6:40   0.0   6.9   0.0   7.4  30.6   12:00    NW
10  25.1  27.6   15:10  23.2    0:40   0.0   6.8   0.0  10.5  35.4   13:20   WNW
11  26.5  29.5   17:20  23.9    5:20   0.0   8.2   0.0  10.5  35.4   13:30   WNW
12  27.0  30.8   16:40  23.0    6:10   0.0   8.7   0.0   7.6  38.6   12:40   WNW
13  26.6  29.2    2:50  22.4   00:00   0.0   8.2   0.0   9.2  35.4   16:10   WNW
14  23.4  26.3   15:20  21.4    6:40   0.0   5.2   0.0   6.8  29.0   13:50   WNW
15  23.4  25.9   14:00  21.7    4:10   0.0   5.1   0.0  15.1  48.3   17:00   WNW
16  23.6  25.5   16:40  21.9    3:20   0.0   5.3   0.0  18.2  49.9   16:40   WNW
17  23.3  24.3   16:00  21.9    9:40   0.0   5.0   1.2  15.8  46.7    8:50   WNW
18  24.2  26.5   14:10  22.3   23:00   0.0   5.9   0.0  11.4  32.2   11:50   WNW
19  24.7  28.4   13:40  21.9    6:50   0.0   6.4   0.0   5.8  25.7   17:20    NW
20  24.6  27.6   11:30  21.9    6:00   0.0   6.3   0.0   4.5  25.7   13:10    NW
21  26.1  31.1   11:20  22.6    2:20   0.0   7.8   0.0   4.5  29.0   14:10    NW
22  24.3  28.6   11:10  21.4   23:50   0.0   6.0   0.0   2.9  20.9   12:10    NE
23  22.1  24.7   13:40  19.8    6:30   0.0   3.6   0.0   5.6  29.0   13:20    NW
24  22.1  24.6   14:20  19.3    2:30   0.0   3.8   0.0  15.0  43.5   11:30    NW
25  22.1  24.4   14:20  20.2   23:40   0.0   3.7   0.0  13.4  38.6   12:40    NW
26  21.5  24.4   15:10  19.3   23:30   0.0   3.2   0.0  10.5  37.0   12:20    NW
27  21.2  23.8   15:00  19.2    0:40   0.0   2.9   0.0  12.4  41.8   16:00    NW
28  21.9  24.6   13:20  19.6    2:50   0.0   3.6   0.0  12.2  43.5   13:30   WNW
29  23.6  27.7   13:50  20.6    1:30   0.0   5.2   0.0   5.8  27.4   16:30    NW
30  21.7  23.9   13:30  19.7   23:30   0.0   3.3   0.0   8.4  29.0   12:20    NW
31  20.3  22.2   15:10  18.8   23:50   0.0   2.0   0.0  14.2  41.8   15:10    NW
-------------------------------------------------------------------------------------
    24.0  31.1    21    18.8    31     0.0 177.7   1.2  10.0  49.9    16     WNW

Max >=  32.0:  0
Max <=   0.0:  0
Min <=   0.0:  0
Min <= -18.0:  0
Max Rain: 1.19 ON 17/08/17
Days of Rain: 1 (> .2 mm) 0 (> 2 mm) 0 (> 20 mm)
Heat Base:  18.3  Cool Base:  18.3  Method: Integration