NOAA Reports/Αναφορές NOAA

Select a Year or Month report
2018 > Jan Feb Mar Apr May Jun Jul Aug Sep Oct Nov Dec
2017 > Jan Feb Mar Apr May Jun Jul Aug Sep Oct Nov Dec
2016 > Jan Feb Mar Apr May Jun Jul Aug Sep Oct Nov Dec

Report for 2017 Sep
                   MONTHLY CLIMATOLOGICAL SUMMARY for SEP. 2017

NAME: Episkopi Weather Station   CITY: Episkopi   STATE: Greece 
ELEV:   340 m  LAT:  35 15' 27" N  LONG:  25 14' 15" E

                   TEMPERATURE (C), RAIN  (mm), WIND SPEED (km/hr)

                                      HEAT  COOL        AVG
    MEAN                              DEG   DEG         WIND                 DOM
DAY TEMP  HIGH   TIME   LOW    TIME   DAYS  DAYS  RAIN  SPEED HIGH   TIME    DIR
------------------------------------------------------------------------------------
 1  21.1  24.1   13:40  17.9    6:50   0.0   2.8   0.0   7.1  32.2   15:00    NW
 2  23.8  27.5   13:50  20.3    4:10   0.0   5.5   0.0   4.2  22.5   12:00    NW
 3  26.7  32.7   15:00  20.1    4:00   0.0   8.4   0.0   3.4  20.9   14:50    NW
 4  25.1  28.3    2:30  20.5   23:30   0.0   6.8   0.0   4.8  29.0   13:20    NW
 5  22.8  27.6   14:00  19.3    6:30   0.0   4.6   0.2   2.6  19.3   14:10    NW
 6  21.1  23.7   14:20  18.4   23:20   0.0   2.8   0.0   7.1  32.2   12:30    NW
 7  20.8  25.0   15:30  17.8    6:50   0.1   2.6   0.0   4.3  24.1   11:50    NW
 8  23.3  28.2   14:00  18.7    1:40   0.0   5.0   0.0   1.6  19.3   13:30    NE
 9  25.2  30.8   16:40  20.4    7:20   0.0   6.8   0.0   3.5  22.5   23:30    NE
10  27.0  33.8   12:30  22.6   22:50   0.0   8.7   0.0   7.9  27.4   12:10    SE
11  28.9  35.7   12:40  22.7    6:50   0.0  10.6   0.0   9.3  40.2   23:30    SE
12  24.4  27.7    0:20  21.2   22:30   0.0   6.1   0.0   7.1  41.8    2:40    NE
13  23.1  26.3   11:50  20.5    6:50   0.0   4.8   0.0   5.6  29.0   14:00    NW
14  23.4  27.7   16:30  20.0    1:40   0.0   5.1   0.0   4.8  24.1   11:00    NW
15  22.9  27.7   14:10  19.7    3:50   0.0   4.6   0.0   5.1  24.1   15:50    NW
16  23.1  28.3   14:10  18.8    6:30   0.0   4.8   0.2   4.2  20.9   13:00    NW
17  23.7  27.8   12:30  19.8    6:40   0.0   5.4   0.0   4.0  22.5   13:40    NW
18  27.1  31.9   14:30  22.0    1:50   0.0   8.8   0.0   3.9  22.5   15:10    NW
19  29.4  33.9   13:30  24.9   23:20   0.0  11.1   0.0   3.2  20.9   15:30    NW
20  28.1  35.9   13:00  22.4   23:50   0.0   9.8   0.0   6.1  37.0   11:50    SE
21  22.2  25.6   12:50  19.4   00:00   0.0   3.9   0.0   9.2  38.6   14:40   WNW
22  19.8  23.0   13:00  17.4    6:50   0.1   1.6   0.0  10.8  37.0   12:00   WNW
23  19.8  23.2   12:30  17.3    5:40   0.2   1.7   0.0   3.1  22.5   14:50    NE
24  19.3  23.1   14:30  16.8    7:20   0.3   1.3   0.0   2.9  25.7   13:10    NW
25  20.2  24.8   11:50  17.0    6:30   0.3   2.1   0.0   1.9  19.3   13:10    NW
26  20.8  24.6   13:30  18.2    3:00   0.0   2.5   0.0   3.2  27.4   15:20    NW
27  20.6  24.3   13:00  18.0    7:30   0.0   2.3   0.0   1.9  19.3   13:40    NW
28  19.5  22.6   13:20  17.6    6:40   0.1   1.3   0.0   4.0  24.1   11:50    NW
29  17.4  19.6   11:10  16.0   19:50   0.9   0.0   5.6   2.7  32.2   11:10   WNW
30  17.1  19.3   13:30  15.9    8:10   1.3   0.1   7.0   2.7  19.3   16:00    NW
-------------------------------------------------------------------------------------
    22.9  35.9    20    15.9    30     3.3 141.8  13.0   4.7  41.8    12      NW

Max >=  32.0:  5
Max <=   0.0:  0
Min <=   0.0:  0
Min <= -18.0:  0
Max Rain: 7.01 ON 30/09/17
Days of Rain: 4 (> .2 mm) 2 (> 2 mm) 0 (> 20 mm)
Heat Base:  18.3  Cool Base:  18.3  Method: Integration