NOAA Reports/Αναφορές NOAA

Select a Year or Month report
2018 > Jan Feb Mar Apr May Jun Jul Aug Sep Oct Nov Dec
2017 > Jan Feb Mar Apr May Jun Jul Aug Sep Oct Nov Dec
2016 > Jan Feb Mar Apr May Jun Jul Aug Sep Oct Nov Dec

Report for 2017 Dec
                   MONTHLY CLIMATOLOGICAL SUMMARY for NOV. 2017

NAME: Episkopi Weather Station   CITY: Episkopi   STATE: Greece 
ELEV:   340 m  LAT:  35 15' 27" N  LONG:  25 14' 15" E

                   TEMPERATURE (C), RAIN  (mm), WIND SPEED (km/hr)

                                      HEAT  COOL        AVG
    MEAN                              DEG   DEG         WIND                 DOM
DAY TEMP  HIGH   TIME   LOW    TIME   DAYS  DAYS  RAIN  SPEED HIGH   TIME    DIR
------------------------------------------------------------------------------------
 1  13.6  15.7   12:10  11.6   19:30   4.7   0.0   0.0   6.1  27.4   12:20    NW
 2  12.4  14.5   14:40  10.8   23:50   5.9   0.0   0.0   6.0  29.0   15:00    NW
 3  14.1  17.9   14:30  10.6    0:50   4.2   0.0   0.0   1.8  19.3   15:20    NW
 4  14.9  18.5   13:00  12.8   23:50   3.4   0.0   2.8   7.1  37.0   16:20    SE
 5  13.7  15.4   11:30  11.8   23:20   4.6   0.0   0.0  10.1  33.8    7:30    NW
 6  13.7  17.3   14:10  11.3    5:00   4.6   0.0   0.0   1.4  17.7   14:20    NW
 7  15.1  20.2   13:40  11.8    5:50   3.4   0.2   0.0   5.5  32.2   22:10    SE
 8  17.2  22.1   14:10  14.2    5:30   1.9   0.8   0.0  14.5  48.3   11:40    SE
 9  16.3  19.3   12:50  14.1    6:20   2.1   0.1   0.0   2.6  19.3   15:00    NW
10  15.1  18.3   15:20  13.0   00:00   3.2   0.0   0.0   2.3  20.9   12:40    NW
11  16.1  21.3   14:30  12.6    6:30   2.7   0.5   0.0   7.9  35.4   11:00    SE
12  16.2  19.2   11:20  14.0    2:20   2.2   0.0   0.0  15.3  48.3   22:40    SE
13  15.7  18.5   13:40  12.6   22:50   2.6   0.0   5.8  15.8  62.8    9:50    SE
14  16.0  20.7   14:40  12.5    0:50   2.6   0.3   0.0  11.7  38.6   17:30    SE
15  17.6  20.7   12:10  15.3    0:20   1.2   0.4   0.0  14.0  38.6   23:00    SE
16  17.4  20.5   12:40  15.7    7:10   1.3   0.4   0.0  17.9  48.3    9:30    SE
17  16.6  20.5   14:50  14.1   22:30   2.0   0.3   8.8   8.9  33.8    7:30    SE
18  14.9  17.9   13:00  12.9   23:30   3.3   0.0   0.0   8.9  32.2   10:10    SE
19  14.6  18.9   13:40  12.1    4:40   3.8   0.0   0.0   6.8  27.4   13:40    SE
20  13.7  18.3   11:10   9.6   22:40   4.6   0.0   2.6   9.0  46.7   19:40    SE
21  10.3  12.8   12:40   8.6   22:10   7.9   0.0   0.0   9.3  40.2    3:30    NW
22  11.9  16.1   14:00   8.2    5:00   6.3   0.0   0.0   1.4  14.5   12:10    NW
23  14.4  18.4   12:40  11.0    3:50   3.9   0.0   0.0   1.6  19.3   15:00    NW
24  14.2  18.6   12:10  12.1    0:50   4.2   0.0   0.0   1.0  19.3   13:00    NW
25  13.9  17.1   12:30  12.4    6:30   4.4   0.0   0.0   0.3   9.7   13:50    NW
26  14.2  17.8   12:50  12.1    7:10   4.1   0.0   0.0   2.7  20.9   23:40    SE
27  13.6  17.3   14:30  11.2   23:40   4.7   0.0   5.2  11.7  45.1   12:30    SE
28  11.6  14.8   12:00   9.5   00:00   6.8   0.0   0.0   4.5  24.1   15:50   WNW
29  12.3  15.7   12:30   9.7    0:10   6.0   0.0   0.0   4.8  20.9   21:00    SE
30  14.2  17.4   11:30  11.2    0:30   4.1   0.0   0.0  15.3  43.5   19:10    SE
-------------------------------------------------------------------------------------
    14.5  22.1     8     8.2    22   116.6   3.1  25.2   7.5  62.8    13      SE

Max >=  32.0:  0
Max <=   0.0:  0
Min <=   0.0:  0
Min <= -18.0:  0
Max Rain: 8.79 ON 17/11/17
Days of Rain: 5 (> .2 mm) 5 (> 2 mm) 0 (> 20 mm)
Heat Base:  18.3  Cool Base:  18.3  Method: Integration